{"id":53015,"date":"2024-08-30T14:24:18","date_gmt":"2024-08-30T19:24:18","guid":{"rendered":"https:\/\/bibliaherramientas.com\/libreria\/?post_type=product&#038;p=53015"},"modified":"2026-01-06T13:33:13","modified_gmt":"2026-01-06T19:33:13","slug":"biblia-grande-rvr60-letra-gigante-color-negro-cierre-indice-7899938410905","status":"publish","type":"product","link":"https:\/\/bibliaherramientas.com\/libreria\/producto\/biblia-grande-rvr60-letra-gigante-color-negro-cierre-indice-7899938410905\/","title":{"rendered":"Biblia Grande Rvr60 Letra Gigante Color Negro, Cierre\/\u00edndice"},"content":{"rendered":"<p>BIBLIA NUEVA<\/p>\n<p>&#8211; Peso: 1860 gramos.<br \/>\n&#8211; Formato: Imitaci\u00f3n Piel.<br \/>\n&#8211; Dimensiones: 18.5 x 24.3 x 3.0 cm.<br \/>\n&#8211; Versi\u00f3n: Reina Valera Revisi\u00f3n 1960.<br \/>\n&#8211; Letra: Gigante (15 puntos).<\/p>\n<p>En 1946 las Sociedades B\u00edblicas Unidas observ\u00f3 que surge la necesidad de realizar una revisi\u00f3n de la Biblia Reina Valera dada la necesidad de facilitar el lenguaje para los pa\u00edses de habla hispana.<br \/>\nBeneficios:<br \/>\n&#8211; Conserva el estilo tradicional de la lengua espa\u00f1ola.<br \/>\n&#8211; Simplifica la escritura de los nombres propios.<br \/>\n&#8211; Suprimi\u00f3 eventos obsoletos y t\u00e9rminos desconocidos que pudieran ser mal interpretados.<\/p>\n<p>Caracter\u00edsticas:<br \/>\n&#8211; Palabras de Jes\u00fas en rojo.<br \/>\n&#8211; Referencias en pasaje b\u00edblico.<br \/>\n&#8211; Glosario.<br \/>\n&#8211; Los libros de la Biblia en s\u00edntesis.<br \/>\n&#8211; Como leer la Biblia.<br \/>\n&#8211; Plan para leer la Biblia en un a\u00f1o.<br \/>\n&#8211; Lecturas para d\u00edas especiales.<br \/>\n&#8211; Como encontrar ayuda en la Biblia.<br \/>\n&#8211; Que dice la Biblia acerca del perd\u00f3n de Dios.<br \/>\n&#8211; Concordancia.<br \/>\n&#8211; Mapas.<br \/>\n&#8211; Canto dorado.<br \/>\n&#8211; \u00cdndice.<br \/>\n&#8211; Cierre.<br \/>\n&#8211; Cinta separadora.<br \/>\n&#8212;&#8212;&#8212;&#8212;&#8212;&#8212;&#8212;&#8212;&#8212;&#8212;<br \/>\nCualquier duda estamos a tus \u00f3rdenes. Bendiciones!<\/p>\n","protected":false},"excerpt":{"rendered":"<p>Biblia negra RVR 1960 con palabras de Jes\u00fas en rojo, referencias en pasaje b\u00edblico, glosario, los libros de la Biblia en s\u00edntesis, como leer la Biblia, plan para leer la Biblia en un a\u00f1o, etc.<\/p>\n","protected":false},"featured_media":53016,"comment_status":"open","ping_status":"closed","template":"","meta":{"_acf_changed":false},"product_brand":[],"product_cat":[874,868,877,498,884,748],"product_tag":[],"class_list":{"0":"post-53015","1":"product","2":"type-product","3":"status-publish","4":"has-post-thumbnail","6":"product_cat-biblias-14-16-puntos","7":"product_cat-biblias-grandes","8":"product_cat-biblias-imitacion-piel","9":"product_cat-biblias-personales","10":"product_cat-biblias-rvr1960","11":"product_cat-editoriales-sociedades-biblicas-unidas","13":"first","14":"outofstock","15":"purchasable","16":"product-type-simple"},"acf":[],"_links":{"self":[{"href":"https:\/\/bibliaherramientas.com\/libreria\/wp-json\/wp\/v2\/product\/53015","targetHints":{"allow":["GET"]}}],"collection":[{"href":"https:\/\/bibliaherramientas.com\/libreria\/wp-json\/wp\/v2\/product"}],"about":[{"href":"https:\/\/bibliaherramientas.com\/libreria\/wp-json\/wp\/v2\/types\/product"}],"replies":[{"embeddable":true,"href":"https:\/\/bibliaherramientas.com\/libreria\/wp-json\/wp\/v2\/comments?post=53015"}],"wp:featuredmedia":[{"embeddable":true,"href":"https:\/\/bibliaherramientas.com\/libreria\/wp-json\/wp\/v2\/media\/53016"}],"wp:attachment":[{"href":"https:\/\/bibliaherramientas.com\/libreria\/wp-json\/wp\/v2\/media?parent=53015"}],"wp:term":[{"taxonomy":"product_brand","embeddable":true,"href":"https:\/\/bibliaherramientas.com\/libreria\/wp-json\/wp\/v2\/product_brand?post=53015"},{"taxonomy":"product_cat","embeddable":true,"href":"https:\/\/bibliaherramientas.com\/libreria\/wp-json\/wp\/v2\/product_cat?post=53015"},{"taxonomy":"product_tag","embeddable":true,"href":"https:\/\/bibliaherramientas.com\/libreria\/wp-json\/wp\/v2\/product_tag?post=53015"}],"curies":[{"name":"wp","href":"https:\/\/api.w.org\/{rel}","templated":true}]}}