{"id":52691,"date":"2024-08-21T11:12:01","date_gmt":"2024-08-21T16:12:01","guid":{"rendered":"https:\/\/bibliaherramientas.com\/libreria\/?post_type=product&#038;p=52691"},"modified":"2026-01-06T13:32:50","modified_gmt":"2026-01-06T19:32:50","slug":"santa-biblia-renovacion-azul-bolsillo-canto-pintado-9798885165402","status":"publish","type":"product","link":"https:\/\/bibliaherramientas.com\/libreria\/producto\/santa-biblia-renovacion-azul-bolsillo-canto-pintado-9798885165402\/","title":{"rendered":"Santa Biblia Renovaci\u00f3n Azul Bolsillo Canto Pintado"},"content":{"rendered":"<p>RECURSO NUEVO<\/p>\n<p>La Biblia Reina Valera 1960 es una de las traducciones de la Biblia m\u00e1s reconocidas en el mundo de habla hispana, siendo la traducci\u00f3n cl\u00e1sica del pueblo evang\u00e9lico.<\/p>\n<p>Esta Biblia tiene las siguientes caracter\u00edsticas:<br \/>\n-Dise\u00f1os originales<br \/>\n-Tipograf\u00eda clara<br \/>\n-Palabras de Jes\u00fas en rojo<br \/>\n-Notas al pie de p\u00e1gina<br \/>\n-Referencias cruzadas al pie de p\u00e1gina<br \/>\n-Concordancia amplia de 120 p\u00e1ginas<br \/>\n-Concordancia adicional de personajes b\u00edblicos<br \/>\n-P\u00e1gina de presentaci\u00f3n<\/p>\n<p>Incluye 32 p\u00e1ginas a todo color con ayudas acerca de:<\/p>\n<p>-Vers\u00edculos clave de cada libro<br \/>\n-Genealog\u00eda de Jes\u00fas<br \/>\n-Fiestas b\u00edblicas<br \/>\n-Tipolog\u00eda de los salmos<br \/>\n-Plano del templo<br \/>\n-Cronolog\u00eda de reyes y profetas<br \/>\n-Cuadro con las par\u00e1bolas de Jes\u00fas<br \/>\n-Cuadro con los milagros de Jes\u00fas<br \/>\n-Plan de salvaci\u00f3n<br \/>\n-Promesas de Dios<br \/>\n-Plan de lectura en un a\u00f1o<br \/>\n-12 mapas a todo color<br \/>\n&#8212;&#8212;&#8212;&#8212;&#8212;&#8212;&#8212;&#8212;&#8212;&#8212;<br \/>\nCualquier duda estamos a tus \u00f3rdenes. Bendiciones!<\/p>\n","protected":false},"excerpt":{"rendered":"<p>Biblia RVR1960 con palabras de Jes\u00fas en rojo, letra mediana de 8 puntos, tipograf\u00eda clara, notas a pie de p\u00e1gina, referencias cruzadas a pie de p\u00e1gina, concordancia de 120 p\u00e1ginas y dise\u00f1o bicolor (blanco y azul) con flores.<\/p>\n","protected":false},"featured_media":52692,"comment_status":"open","ping_status":"closed","template":"","meta":{"_acf_changed":false},"product_brand":[],"product_cat":[871,865,877,464,498,884,1003],"product_tag":[],"class_list":{"0":"post-52691","1":"product","2":"type-product","3":"status-publish","4":"has-post-thumbnail","6":"product_cat-biblias-8-9-puntos","7":"product_cat-biblias-de-bolsillo","8":"product_cat-biblias-imitacion-piel","9":"product_cat-biblias-mujeres","10":"product_cat-biblias-personales","11":"product_cat-biblias-rvr1960","12":"product_cat-mundo-biblia","14":"first","15":"outofstock","16":"purchasable","17":"product-type-simple"},"acf":[],"_links":{"self":[{"href":"https:\/\/bibliaherramientas.com\/libreria\/wp-json\/wp\/v2\/product\/52691","targetHints":{"allow":["GET"]}}],"collection":[{"href":"https:\/\/bibliaherramientas.com\/libreria\/wp-json\/wp\/v2\/product"}],"about":[{"href":"https:\/\/bibliaherramientas.com\/libreria\/wp-json\/wp\/v2\/types\/product"}],"replies":[{"embeddable":true,"href":"https:\/\/bibliaherramientas.com\/libreria\/wp-json\/wp\/v2\/comments?post=52691"}],"wp:featuredmedia":[{"embeddable":true,"href":"https:\/\/bibliaherramientas.com\/libreria\/wp-json\/wp\/v2\/media\/52692"}],"wp:attachment":[{"href":"https:\/\/bibliaherramientas.com\/libreria\/wp-json\/wp\/v2\/media?parent=52691"}],"wp:term":[{"taxonomy":"product_brand","embeddable":true,"href":"https:\/\/bibliaherramientas.com\/libreria\/wp-json\/wp\/v2\/product_brand?post=52691"},{"taxonomy":"product_cat","embeddable":true,"href":"https:\/\/bibliaherramientas.com\/libreria\/wp-json\/wp\/v2\/product_cat?post=52691"},{"taxonomy":"product_tag","embeddable":true,"href":"https:\/\/bibliaherramientas.com\/libreria\/wp-json\/wp\/v2\/product_tag?post=52691"}],"curies":[{"name":"wp","href":"https:\/\/api.w.org\/{rel}","templated":true}]}}