{"id":52684,"date":"2024-08-20T19:00:40","date_gmt":"2024-08-21T00:00:40","guid":{"rendered":"https:\/\/bibliaherramientas.com\/libreria\/?post_type=product&#038;p=52684"},"modified":"2026-01-06T13:32:50","modified_gmt":"2026-01-06T19:32:50","slug":"biblia-reina-valera-1960-tamano-bolsillo-canto-floral-rosa-9798885165396","status":"publish","type":"product","link":"https:\/\/bibliaherramientas.com\/libreria\/producto\/biblia-reina-valera-1960-tamano-bolsillo-canto-floral-rosa-9798885165396\/","title":{"rendered":"Biblia Reina Valera 1960 Tama\u00f1o Bolsillo Canto Floral Rosa"},"content":{"rendered":"<p>RECURSO NUEVO<\/p>\n<p>La Biblia RVR60 es una de las traducciones de la Biblia m\u00e1s reconocidas en el mundo de habla hispana, siendo la traducci\u00f3n cl\u00e1sica del pueblo evang\u00e9lico.<\/p>\n<p>Esta Biblia tiene las siguientes caracter\u00edsticas:<\/p>\n<p>-Palabras de Jes\u00fas en rojo.<br \/>\n-Letra mediana de 8 puntos.<br \/>\n-Tipograf\u00eda clara.<br \/>\n-Notas a pie de p\u00e1gina.<br \/>\n-Referencias cruzadas a pie de p\u00e1gina.<br \/>\n-Concordancia de 120 p\u00e1ginas.<br \/>\n-Concordancia adicional de personajes b\u00edblicos.<br \/>\n-P\u00e1gina de presentaci\u00f3n.<\/p>\n<p>32 p\u00e1ginas a todo color con ayudas:<\/p>\n<p>-Genealog\u00eda de Jes\u00fas\/Fiestas Jud\u00edas.<br \/>\n-Par\u00e1bolas y Milagros de Jes\u00fas.<br \/>\n-Plan de salvaci\u00f3n.<br \/>\n-Pasajes y vers\u00edculos claves de la Biblia.<br \/>\n-Plan de lectura B\u00edblica en un a\u00f1o.<br \/>\n-12 Mapas a todo color.<br \/>\n-Tipolog\u00eda de los salmos.<br \/>\n-Plano del templo.<br \/>\n-Cronolog\u00eda de reyes y profetas.<br \/>\n-Promesas de Dios.<br \/>\n&#8212;&#8212;&#8212;&#8212;&#8212;&#8212;&#8212;&#8212;&#8212;&#8212;<br \/>\nCualquier duda estamos a tus \u00f3rdenes. Bendiciones!<\/p>\n","protected":false},"excerpt":{"rendered":"<p>Biblia RVR1960 con palabras de Jes\u00fas en rojo, letra mediana de 8 puntos, tipograf\u00eda clara, notas a pie de p\u00e1gina, referencias cruzadas a pie de p\u00e1gina y concordancia de 120 p\u00e1ginas.<\/p>\n","protected":false},"featured_media":52686,"comment_status":"open","ping_status":"closed","template":"","meta":{"_acf_changed":false},"product_brand":[],"product_cat":[866,871,877,464,498,884,1003],"product_tag":[],"class_list":{"0":"post-52684","1":"product","2":"type-product","3":"status-publish","4":"has-post-thumbnail","6":"product_cat-biblias-compactas","7":"product_cat-biblias-8-9-puntos","8":"product_cat-biblias-imitacion-piel","9":"product_cat-biblias-mujeres","10":"product_cat-biblias-personales","11":"product_cat-biblias-rvr1960","12":"product_cat-mundo-biblia","14":"first","15":"outofstock","16":"purchasable","17":"product-type-simple"},"acf":[],"_links":{"self":[{"href":"https:\/\/bibliaherramientas.com\/libreria\/wp-json\/wp\/v2\/product\/52684","targetHints":{"allow":["GET"]}}],"collection":[{"href":"https:\/\/bibliaherramientas.com\/libreria\/wp-json\/wp\/v2\/product"}],"about":[{"href":"https:\/\/bibliaherramientas.com\/libreria\/wp-json\/wp\/v2\/types\/product"}],"replies":[{"embeddable":true,"href":"https:\/\/bibliaherramientas.com\/libreria\/wp-json\/wp\/v2\/comments?post=52684"}],"wp:featuredmedia":[{"embeddable":true,"href":"https:\/\/bibliaherramientas.com\/libreria\/wp-json\/wp\/v2\/media\/52686"}],"wp:attachment":[{"href":"https:\/\/bibliaherramientas.com\/libreria\/wp-json\/wp\/v2\/media?parent=52684"}],"wp:term":[{"taxonomy":"product_brand","embeddable":true,"href":"https:\/\/bibliaherramientas.com\/libreria\/wp-json\/wp\/v2\/product_brand?post=52684"},{"taxonomy":"product_cat","embeddable":true,"href":"https:\/\/bibliaherramientas.com\/libreria\/wp-json\/wp\/v2\/product_cat?post=52684"},{"taxonomy":"product_tag","embeddable":true,"href":"https:\/\/bibliaherramientas.com\/libreria\/wp-json\/wp\/v2\/product_tag?post=52684"}],"curies":[{"name":"wp","href":"https:\/\/api.w.org\/{rel}","templated":true}]}}