{"id":52557,"date":"2024-08-16T16:29:52","date_gmt":"2024-08-16T21:29:52","guid":{"rendered":"https:\/\/bibliaherramientas.com\/libreria\/?post_type=product&#038;p=52557"},"modified":"2026-01-06T13:32:42","modified_gmt":"2026-01-06T19:32:42","slug":"biblia-compacta-color-rosada-con-cierre-imitacion-piel-9789587453072","status":"publish","type":"product","link":"https:\/\/bibliaherramientas.com\/libreria\/producto\/biblia-compacta-color-rosada-con-cierre-imitacion-piel-9789587453072\/","title":{"rendered":"Biblia Compacta Color Rosada Con Cierre Imitaci\u00f3n Piel"},"content":{"rendered":"<p>BIBLIA NUEVA<\/p>\n<p>&#8211; Palabras de Jes\u00fas en rojo.<br \/>\n&#8211; Referencias.<br \/>\n&#8211; Mapas.<br \/>\n&#8211; Dise\u00f1o moderno, imitaci\u00f3n piel, flexible, pintada.<br \/>\n&#8211; Con cremallera.<br \/>\n&#8211; Cinta separadora.<br \/>\n&#8211; Canto plateado y pintado.<br \/>\n&#8211; Letra tama\u00f1o 7 puntos.<br \/>\n&#8211; Versi\u00f3n Reina Valera Contempor\u00e1nea.<br \/>\n&#8212;&#8212;&#8212;&#8212;&#8212;&#8212;&#8212;&#8212;&#8212;&#8212;&#8212;-<br \/>\nCualquier duda estamos a tus \u00f3rdenes. Bendiciones!<\/p>\n","protected":false},"excerpt":{"rendered":"<p>Biblia RVC con palabras de Jes\u00fas en rojo, referencias, mapas, dise\u00f1o moderno, imitaci\u00f3n piel, flexible y pintada.<\/p>\n","protected":false},"featured_media":52558,"comment_status":"open","ping_status":"closed","template":"","meta":{"_acf_changed":false},"product_brand":[],"product_cat":[866,871,877,498,884,748],"product_tag":[],"class_list":{"0":"post-52557","1":"product","2":"type-product","3":"status-publish","4":"has-post-thumbnail","6":"product_cat-biblias-compactas","7":"product_cat-biblias-8-9-puntos","8":"product_cat-biblias-imitacion-piel","9":"product_cat-biblias-personales","10":"product_cat-biblias-rvr1960","11":"product_cat-editoriales-sociedades-biblicas-unidas","13":"first","14":"outofstock","15":"purchasable","16":"product-type-simple"},"acf":[],"_links":{"self":[{"href":"https:\/\/bibliaherramientas.com\/libreria\/wp-json\/wp\/v2\/product\/52557","targetHints":{"allow":["GET"]}}],"collection":[{"href":"https:\/\/bibliaherramientas.com\/libreria\/wp-json\/wp\/v2\/product"}],"about":[{"href":"https:\/\/bibliaherramientas.com\/libreria\/wp-json\/wp\/v2\/types\/product"}],"replies":[{"embeddable":true,"href":"https:\/\/bibliaherramientas.com\/libreria\/wp-json\/wp\/v2\/comments?post=52557"}],"wp:featuredmedia":[{"embeddable":true,"href":"https:\/\/bibliaherramientas.com\/libreria\/wp-json\/wp\/v2\/media\/52558"}],"wp:attachment":[{"href":"https:\/\/bibliaherramientas.com\/libreria\/wp-json\/wp\/v2\/media?parent=52557"}],"wp:term":[{"taxonomy":"product_brand","embeddable":true,"href":"https:\/\/bibliaherramientas.com\/libreria\/wp-json\/wp\/v2\/product_brand?post=52557"},{"taxonomy":"product_cat","embeddable":true,"href":"https:\/\/bibliaherramientas.com\/libreria\/wp-json\/wp\/v2\/product_cat?post=52557"},{"taxonomy":"product_tag","embeddable":true,"href":"https:\/\/bibliaherramientas.com\/libreria\/wp-json\/wp\/v2\/product_tag?post=52557"}],"curies":[{"name":"wp","href":"https:\/\/api.w.org\/{rel}","templated":true}]}}