{"id":52309,"date":"2024-08-12T17:02:35","date_gmt":"2024-08-12T22:02:35","guid":{"rendered":"https:\/\/bibliaherramientas.com\/libreria\/?post_type=product&#038;p=52309"},"modified":"2026-01-06T13:32:27","modified_gmt":"2026-01-06T19:32:27","slug":"libro-el-poder-de-los-padres-que-oran-edicion-bolsillo-9780789916006","status":"publish","type":"product","link":"https:\/\/bibliaherramientas.com\/libreria\/producto\/libro-el-poder-de-los-padres-que-oran-edicion-bolsillo-9780789916006\/","title":{"rendered":"Libro El Poder De Los Padres Que Oran (edici\u00f3n Bolsillo)"},"content":{"rendered":"<p>RECURSO NUEVO<\/p>\n<p>\u00bfPor qu\u00e9 dejar la vida de tu hijo al azar cuando puedes d\u00e1rsela a Dios?<\/p>\n<p>La premiada autora, cantante y compositora Stormie Omartian y su esposo Michael pasaron veinte a\u00f1os criando hijos&#8230; y aprendiendo el poder de la oraci\u00f3n por ellos. Ahora, en treinta cap\u00edtulos cortos y f\u00e1ciles de leer, Stormie te muestra c\u00f3mo puedes orar por tus hijos en cada etapa de su crecimiento, desde la ni\u00f1ez hasta la adultez. Aprende c\u00f3mo acudir al Padre y poner cada detalle de la vida de tu hijo en sus amorosas y capaces manos:<\/p>\n<p>&#8211; Seguridad.<br \/>\n&#8211; Desarrollo del car\u00e1cter.<br \/>\n&#8211; Presi\u00f3n de los compa\u00f1eros.<br \/>\n&#8211; Escuela.<br \/>\n&#8211; Matrimonio.<br \/>\n&#8211; Amistades.<br \/>\n&#8211; Relaci\u00f3n con Dios.<br \/>\n&#8211; Relaciones familiares.<br \/>\n&#8211; Adolescencia.<br \/>\n&#8211; Elecci\u00f3n profesional.<\/p>\n<p>Ya sea que tu hijo tenga 3 a\u00f1os o 33, nunca es demasiado tarde para descubrir el gozo que proviene de ser parte de la obra de Dios en la vida de tu hijo.<\/p>\n<p>&#8212;&#8212;&#8212;&#8212;&#8212;&#8212;&#8212;&#8211;<\/p>\n<p>STORMIE OMARTIAN es la autora de los \u00e9xitos de librer\u00eda &#8220;El poder de la oraci\u00f3n(m\u00e1s de diez millones de ejemplares vendidos en todo el mundo), El poder de los padres que oran, El poder del esposo que ora, El poder de la naci\u00f3n que ora, Llaves de la salud emocional y Suficiente luz para el pr\u00f3ximo paso. Stormie y su esposo Michael, han estado casados durante treinta y dos a\u00f1os y tienen tres hijos adultos.<\/p>\n<p>&#8212;&#8212;&#8212;&#8212;&#8212;&#8212;&#8212;&#8212;&#8211;<br \/>\nCualquier duda estamos a tus \u00f3rdenes. Bendiciones!<\/p>\n","protected":false},"excerpt":{"rendered":"<p>\u00bfPor qu\u00e9 dejar la vida de tu hijo al azar cuando puedes d\u00e1rsela a Dios?<\/p>\n","protected":false},"featured_media":52314,"comment_status":"open","ping_status":"closed","template":"","meta":{"_acf_changed":false},"product_brand":[],"product_cat":[528,743],"product_tag":[],"class_list":{"0":"post-52309","1":"product","2":"type-product","3":"status-publish","4":"has-post-thumbnail","6":"product_cat-familia-matrimonio","7":"product_cat-editoriales-unilit","9":"first","10":"instock","11":"purchasable","12":"product-type-simple"},"acf":[],"_links":{"self":[{"href":"https:\/\/bibliaherramientas.com\/libreria\/wp-json\/wp\/v2\/product\/52309","targetHints":{"allow":["GET"]}}],"collection":[{"href":"https:\/\/bibliaherramientas.com\/libreria\/wp-json\/wp\/v2\/product"}],"about":[{"href":"https:\/\/bibliaherramientas.com\/libreria\/wp-json\/wp\/v2\/types\/product"}],"replies":[{"embeddable":true,"href":"https:\/\/bibliaherramientas.com\/libreria\/wp-json\/wp\/v2\/comments?post=52309"}],"wp:featuredmedia":[{"embeddable":true,"href":"https:\/\/bibliaherramientas.com\/libreria\/wp-json\/wp\/v2\/media\/52314"}],"wp:attachment":[{"href":"https:\/\/bibliaherramientas.com\/libreria\/wp-json\/wp\/v2\/media?parent=52309"}],"wp:term":[{"taxonomy":"product_brand","embeddable":true,"href":"https:\/\/bibliaherramientas.com\/libreria\/wp-json\/wp\/v2\/product_brand?post=52309"},{"taxonomy":"product_cat","embeddable":true,"href":"https:\/\/bibliaherramientas.com\/libreria\/wp-json\/wp\/v2\/product_cat?post=52309"},{"taxonomy":"product_tag","embeddable":true,"href":"https:\/\/bibliaherramientas.com\/libreria\/wp-json\/wp\/v2\/product_tag?post=52309"}],"curies":[{"name":"wp","href":"https:\/\/api.w.org\/{rel}","templated":true}]}}