{"id":51926,"date":"2024-07-30T17:37:46","date_gmt":"2024-07-30T22:37:46","guid":{"rendered":"https:\/\/bibliaherramientas.com\/libreria\/?post_type=product&#038;p=51926"},"modified":"2026-01-06T13:31:49","modified_gmt":"2026-01-06T19:31:49","slug":"biblia-thompson-edicion-estudio-biblico-azul-marron-rvr1960-9780829757880","status":"publish","type":"product","link":"https:\/\/bibliaherramientas.com\/libreria\/producto\/biblia-thompson-edicion-estudio-biblico-azul-marron-rvr1960-9780829757880\/","title":{"rendered":"Biblia Thompson Edici\u00f3n Estudio B\u00edblico Azul\/marr\u00f3n Rvr1960"},"content":{"rendered":"<p>RECURSO NUEVO<\/p>\n<p>Esta fascinante Biblia de Referencia RVR 1960 Thompson es una excelente herramienta para el estudiante. Un complemento ideal con la Biblia de Estudio Thompson, ya que comparten las mismas referencias en los m\u00e1rgenes numerados y relacionados entre ambos.<\/p>\n<p>Esta versi\u00f3n de la Biblia posee notas en cadenas escritas por el Dr. Thompson en el m\u00e1rgen de su Biblia hace m\u00e1s de cien a\u00f1os, y con el prop\u00f3sito de facilitar la b\u00fasqueda de temas mediante los vers\u00edculos conectados, dichas anotaciones han sido modificadas haci\u00e9ndolas m\u00e1s sencillas sin perder la profundidad de ellas.<\/p>\n<p>CARACTER\u00cdSTICAS ESPECIALES:<br \/>\n&#8211; M\u00e1s de 1600 temas que abordan temas de la vida cotidiana en un formato simple. Muchas de las ayudas fueron trasladadas a la Escritura. Los mapas, gr\u00e1ficas y estudios de los personajes se hacen m\u00e1s relevantes al pasaje que se est\u00e1 leyendo.<br \/>\n&#8211; 100 tablas en cadena de las Escrituras que presentan en una p\u00e1gina ocho o m\u00e1s vers\u00edculos sobre t\u00f3picos espec\u00edficos, tales como la fe, la esperanza, el amor, etc.<br \/>\n&#8211; Notas arqueol\u00f3gicas que describen hallazgos arqueol\u00f3gicos relacionados con lugares mencionados en la Biblia<br \/>\n&#8211; Retrato de los personajes prominentes de la Biblia, y pasajes b\u00edblicos que ilustran el contexto de la vida de cada uno de ellos<br \/>\n&#8211; Ayuda para el estudio nos proporciona una informaci\u00f3n que respalda la Biblia y la historia b\u00edblica, mediante una lista de profec\u00edas cumplidas acerca de Jes\u00fas, tablas de personajes de la Biblia, y mapas a color<br \/>\n&#8211; Introducci\u00f3n a cada libro de la Biblia, resalta el punto clave en cada uno de los libros que componen la misma.<\/p>\n<p>\u2014\u2014\u2014\u2014\u2014\u2014\u2014\u2014\u2013<\/p>\n<p>Frank Charles Thompson<\/p>\n<p>Compilador de la famosa \u201cBiblia de Estudio Thompson\u201d.<\/p>\n<p>Naci\u00f3 en 1858, en Elmira, Nueva York, y fue ordenado en 1879. Su esposa era Laura Thompson Boughton. Insatisfecho con las Biblias que las sociedades b\u00edblicas de su \u00e9poca proporcionaban para los predicadores, y convencido de que una buena cadena de referencias dentro de la Biblia ser\u00eda de mucha ayuda comenz\u00f3 a trabajar en ese proyecto.<\/p>\n<p>Cre\u00eda que las Biblias para los predicadores deb\u00edan contar con un sistema de referencias lo m\u00e1s amplio y organizado posible De modo que comenz\u00f3 el trabajo en 1890, y estuvo trabajando en ello el resto de su vida. Si idea fue la de enlazar conceptos conectando textos y formando una cadena de referencias ideol\u00f3gicas o enlaces tem\u00e1ticos numerados que son el coraz\u00f3n del sistema de la Biblia de Estudio Thompson.<\/p>\n<p>La primera edici\u00f3n vio la luz en 1908 publicada por la Methodist Book Concern of Dobbs Ferry, New York. Y cinco a\u00f1os despu\u00e9s, en 1913 Thompson se asoci\u00f3 con B.B. Kirkbride de Indianapolis, y entre ambos fundaron la Kirkbride Bible Company con el prop\u00f3sito de difundir y mejorar su proyecto.<\/p>\n<p>Las primeras ediciones se basaban en ingl\u00e9s en el texto de la King James Versi\u00f3n. Hoy en d\u00eda hay versiones de la Biblia de Estudio Thompson en todo tipo de versiones, en distintos idiomas, incluyendo por supuesto el espa\u00f1ol. Hasta el d\u00eda de hoy se calcula que se han vendido cerca de 5.000.000 de ejemplares.<\/p>\n<p>&#8212;&#8212;&#8212;&#8212;&#8212;&#8212;&#8212;&#8211;<\/p>\n<p>Cualquier duda estamos a tus \u00f3rdenes. Bendiciones!<\/p>\n","protected":false},"excerpt":{"rendered":"<p>Esta Biblia posee notas en cadenas escritas por el Dr. Thompson en el margen de su Biblia hace m\u00e1s de cien a\u00f1os, con el prop\u00f3sito de facilitar la b\u00fasqueda de temas mediante los vers\u00edculos conectados, dichas anotaciones han sido modificadas haci\u00e9ndolas m\u00e1s sencillas sin perder la profundidad de ellas.<\/p>\n","protected":false},"featured_media":51927,"comment_status":"open","ping_status":"closed","template":"","meta":{"_acf_changed":false},"product_brand":[],"product_cat":[871,463,868,877,884,744],"product_tag":[],"class_list":{"0":"post-51926","1":"product","2":"type-product","3":"status-publish","4":"has-post-thumbnail","6":"product_cat-biblias-8-9-puntos","7":"product_cat-biblias-estudio","8":"product_cat-biblias-grandes","9":"product_cat-biblias-imitacion-piel","10":"product_cat-biblias-rvr1960","11":"product_cat-editoriales-vida","13":"first","14":"outofstock","15":"purchasable","16":"product-type-simple"},"acf":[],"_links":{"self":[{"href":"https:\/\/bibliaherramientas.com\/libreria\/wp-json\/wp\/v2\/product\/51926","targetHints":{"allow":["GET"]}}],"collection":[{"href":"https:\/\/bibliaherramientas.com\/libreria\/wp-json\/wp\/v2\/product"}],"about":[{"href":"https:\/\/bibliaherramientas.com\/libreria\/wp-json\/wp\/v2\/types\/product"}],"replies":[{"embeddable":true,"href":"https:\/\/bibliaherramientas.com\/libreria\/wp-json\/wp\/v2\/comments?post=51926"}],"wp:featuredmedia":[{"embeddable":true,"href":"https:\/\/bibliaherramientas.com\/libreria\/wp-json\/wp\/v2\/media\/51927"}],"wp:attachment":[{"href":"https:\/\/bibliaherramientas.com\/libreria\/wp-json\/wp\/v2\/media?parent=51926"}],"wp:term":[{"taxonomy":"product_brand","embeddable":true,"href":"https:\/\/bibliaherramientas.com\/libreria\/wp-json\/wp\/v2\/product_brand?post=51926"},{"taxonomy":"product_cat","embeddable":true,"href":"https:\/\/bibliaherramientas.com\/libreria\/wp-json\/wp\/v2\/product_cat?post=51926"},{"taxonomy":"product_tag","embeddable":true,"href":"https:\/\/bibliaherramientas.com\/libreria\/wp-json\/wp\/v2\/product_tag?post=51926"}],"curies":[{"name":"wp","href":"https:\/\/api.w.org\/{rel}","templated":true}]}}