{"id":51577,"date":"2024-07-23T16:37:15","date_gmt":"2024-07-23T21:37:15","guid":{"rendered":"https:\/\/bibliaherramientas.com\/libreria\/?post_type=product&#038;p=51577"},"modified":"2026-01-06T13:31:28","modified_gmt":"2026-01-06T19:31:28","slug":"biblia-reina-valera-1960-recuerdo-para-boda-edicion-especial-9781535950916","status":"publish","type":"product","link":"https:\/\/bibliaherramientas.com\/libreria\/producto\/biblia-reina-valera-1960-recuerdo-para-boda-edicion-especial-9781535950916\/","title":{"rendered":"Biblia Reina Valera 1960 Recuerdo Para Boda Edici\u00f3n Especial"},"content":{"rendered":"<p>RECURSO NUEVO<\/p>\n<p>La Biblia RVR 1960 Recuerdo de Boda es el regalo perfecto para un compromiso matrimonial, una lluvia de regalos para la novia o para el d\u00eda de casamiento. Es un dise\u00f1o innovador con cubierta de s\u00edmil piel, cantos y detalles \u00fanicos que lo har\u00e1n un gran tesoro.<\/p>\n<p>CARACTER\u00cdSTICAS:<br \/>\n&#8211; P\u00e1gina registro de matrimonio.<br \/>\n&#8211; Plan de salvaci\u00f3n.<br \/>\n&#8211; Palabras de Cristo en rojo.<br \/>\n&#8211; Plan de lectura en un a\u00f1o.<br \/>\n&#8211; Panorama hist\u00f3rico de la Biblia.<br \/>\n&#8211; Introducci\u00f3n a los libros de la Biblia.<br \/>\n&#8211; Armon\u00eda de los evangelios.<br \/>\n&#8211; Nombres y atributos de Jes\u00fas.<br \/>\n&#8211; Palabras de aliento para tu caminar con Dios.<br \/>\n&#8211; Tabla de pesos y medidas.<br \/>\n&#8211; Concordancia.<br \/>\n&#8211; Cinta marcadora.<br \/>\n&#8211; Canto plateado.<br \/>\n&#8211; Sin \u00edndice.<br \/>\n&#8211; Caja de regalo.<br \/>\n&#8212;&#8212;&#8212;&#8212;&#8212;&#8212;&#8212;&#8212;&#8212;&#8212;-<br \/>\nCualquier duda estamos a tus \u00f3rdenes. Bendiciones!<\/p>\n","protected":false},"excerpt":{"rendered":"<p>Biblia de boda color blanco y mel\u00f3n de imitaci\u00f3n piel, tiene\u00a0un dise\u00f1o innovador con cubierta de s\u00edmil piel, cantos y detalles \u00fanicos que lo har\u00e1n un gran tesoro.<\/p>\n","protected":false},"featured_media":51579,"comment_status":"open","ping_status":"closed","template":"","meta":{"_acf_changed":false},"product_brand":[],"product_cat":[735,871,877,867,496,884],"product_tag":[],"class_list":{"0":"post-51577","1":"product","2":"type-product","3":"status-publish","4":"has-post-thumbnail","6":"product_cat-editoriales-bh-espanol","7":"product_cat-biblias-8-9-puntos","8":"product_cat-biblias-imitacion-piel","9":"product_cat-biblias-medianas","10":"product_cat-biblias-para-eventos-especiales","11":"product_cat-biblias-rvr1960","13":"first","14":"instock","15":"purchasable","16":"product-type-simple"},"acf":[],"_links":{"self":[{"href":"https:\/\/bibliaherramientas.com\/libreria\/wp-json\/wp\/v2\/product\/51577","targetHints":{"allow":["GET"]}}],"collection":[{"href":"https:\/\/bibliaherramientas.com\/libreria\/wp-json\/wp\/v2\/product"}],"about":[{"href":"https:\/\/bibliaherramientas.com\/libreria\/wp-json\/wp\/v2\/types\/product"}],"replies":[{"embeddable":true,"href":"https:\/\/bibliaherramientas.com\/libreria\/wp-json\/wp\/v2\/comments?post=51577"}],"wp:featuredmedia":[{"embeddable":true,"href":"https:\/\/bibliaherramientas.com\/libreria\/wp-json\/wp\/v2\/media\/51579"}],"wp:attachment":[{"href":"https:\/\/bibliaherramientas.com\/libreria\/wp-json\/wp\/v2\/media?parent=51577"}],"wp:term":[{"taxonomy":"product_brand","embeddable":true,"href":"https:\/\/bibliaherramientas.com\/libreria\/wp-json\/wp\/v2\/product_brand?post=51577"},{"taxonomy":"product_cat","embeddable":true,"href":"https:\/\/bibliaherramientas.com\/libreria\/wp-json\/wp\/v2\/product_cat?post=51577"},{"taxonomy":"product_tag","embeddable":true,"href":"https:\/\/bibliaherramientas.com\/libreria\/wp-json\/wp\/v2\/product_tag?post=51577"}],"curies":[{"name":"wp","href":"https:\/\/api.w.org\/{rel}","templated":true}]}}