{"id":50852,"date":"2020-10-08T21:33:35","date_gmt":"2020-10-09T02:33:35","guid":{"rendered":"https:\/\/bibliaherramientas.com\/libreria\/?post_type=product&#038;p=50852"},"modified":"2026-01-06T13:30:12","modified_gmt":"2026-01-06T19:30:12","slug":"libro-sigueme-por-david-platt-9781414375649","status":"publish","type":"product","link":"https:\/\/bibliaherramientas.com\/libreria\/producto\/libro-sigueme-por-david-platt-9781414375649\/","title":{"rendered":"Libro S\u00edgueme por David Platt"},"content":{"rendered":"<p>\u00bfEs posible que algunas personas digan que creen en Jes\u00fas, pero que no hayan realmente nacido de nuevo? \u00bfEs posible que algunas personas puedan decir que han aceptado a Cristo en su coraz\u00f3n, pero que en realidad no sean cristianos?<\/p>\n<p>No solo es posible, pero seg\u00fan el pastor David Platt, es muy probable. El autor del \u00e9xito de ventas &#8220;Radical&#8221; est\u00e1 convencido de que hoy muchas personas en nuestras iglesias est\u00e1n equivocadas respecto a lo que realmente representa ser un seguidor de Cristo. La cultura occidental ha vaciado la savia vital del cristianismo y, para que tenga mejor sabor, la ha reemplazado con una versi\u00f3n tan diluida del evangelio que ya no es fidedigna.<\/p>\n<p>&#8220;S\u00edgueme dijo Jes\u00fas&#8221;. Una simple palabra que lo cambia todo. Usted jam\u00e1s se aburrir\u00e1. Usted siempre tendr\u00e1 un prop\u00f3sito. Nunca le faltar\u00e1 la alegr\u00eda, pero s\u00ed le costar\u00e1. Este llamado no es un llamado a la oraci\u00f3n. Es un mandato a entregar su vida.<\/p>\n<p>S\u00cdGUEME: UNA INVITACI\u00d3N A MORIR. UNA INVITACI\u00d3N A VIVIR. \u00bfHAS CONTESTADO YA ESA INVITACI\u00d3N?<\/p>\n<p>&#8212;&#8212;&#8212;&#8212;&#8212;&#8212;&#8212;&#8212;&#8212;-<\/p>\n<p><img loading=\"lazy\" decoding=\"async\" class=\"alignleft wp-image-50534\" title=\"David Platt\" src=\"https:\/\/bibliaherramientas.com\/libreria\/wp-content\/uploads\/2020\/04\/david-platt.jpg\" alt=\"David Platt\" width=\"144\" height=\"144\" srcset=\"https:\/\/bibliaherramientas.com\/libreria\/wp-content\/uploads\/2020\/04\/david-platt.jpg 400w, https:\/\/bibliaherramientas.com\/libreria\/wp-content\/uploads\/2020\/04\/david-platt-247x247.jpg 247w, https:\/\/bibliaherramientas.com\/libreria\/wp-content\/uploads\/2020\/04\/david-platt-100x100.jpg 100w, https:\/\/bibliaherramientas.com\/libreria\/wp-content\/uploads\/2020\/04\/david-platt-280x280.jpg 280w\" sizes=\"auto, (max-width: 144px) 100vw, 144px\" \/><\/p>\n<p>El\u00a0<strong>Dr. David Platt<\/strong>\u00a0es el pastor principal de The Church at Brook Hills en Birmingham, AL. Es el autor del libro de mayor venta del\u00a0<em>New York Times, Radical;<\/em>\u00a0ha viajado extensamente alrededor del mundo ense\u00f1ando la Biblia y entrenando l\u00edderes de iglesias. Un estudiante de toda la vida, David se ha ganado dos titulos universitarios y tres grados avanzados. David y su esposa, Heather, viven en Alabama junto con sus tres hijos.<\/p>\n<p>&nbsp;<\/p>\n","protected":false},"excerpt":{"rendered":"<p>UN LLAMADO A MORIR, UN LLAMADO A VIVIR<\/p>\n<p>\u00bfQu\u00e9 quiso realmente expresar Jes\u00fas cuando dijo: &#8220;S\u00edgueme&#8221;?<\/p>\n<p>&nbsp;<\/p>\n","protected":false},"featured_media":50855,"comment_status":"open","ping_status":"closed","template":"","meta":{"_acf_changed":false},"product_brand":[],"product_cat":[666,818,819,742,541],"product_tag":[920,798],"class_list":{"0":"post-50852","1":"product","2":"type-product","3":"status-publish","4":"has-post-thumbnail","6":"product_cat-crecimiento-espiritual","7":"product_cat-escritores-david-platt","8":"product_cat-libros-david-platt","9":"product_cat-editoriales-tyndale","10":"product_cat-vida-cristiana","11":"product_tag-cristianismo","12":"product_tag-vida-cristiana","14":"first","15":"instock","16":"purchasable","17":"product-type-simple"},"acf":[],"_links":{"self":[{"href":"https:\/\/bibliaherramientas.com\/libreria\/wp-json\/wp\/v2\/product\/50852","targetHints":{"allow":["GET"]}}],"collection":[{"href":"https:\/\/bibliaherramientas.com\/libreria\/wp-json\/wp\/v2\/product"}],"about":[{"href":"https:\/\/bibliaherramientas.com\/libreria\/wp-json\/wp\/v2\/types\/product"}],"replies":[{"embeddable":true,"href":"https:\/\/bibliaherramientas.com\/libreria\/wp-json\/wp\/v2\/comments?post=50852"}],"wp:featuredmedia":[{"embeddable":true,"href":"https:\/\/bibliaherramientas.com\/libreria\/wp-json\/wp\/v2\/media\/50855"}],"wp:attachment":[{"href":"https:\/\/bibliaherramientas.com\/libreria\/wp-json\/wp\/v2\/media?parent=50852"}],"wp:term":[{"taxonomy":"product_brand","embeddable":true,"href":"https:\/\/bibliaherramientas.com\/libreria\/wp-json\/wp\/v2\/product_brand?post=50852"},{"taxonomy":"product_cat","embeddable":true,"href":"https:\/\/bibliaherramientas.com\/libreria\/wp-json\/wp\/v2\/product_cat?post=50852"},{"taxonomy":"product_tag","embeddable":true,"href":"https:\/\/bibliaherramientas.com\/libreria\/wp-json\/wp\/v2\/product_tag?post=50852"}],"curies":[{"name":"wp","href":"https:\/\/api.w.org\/{rel}","templated":true}]}}