{"id":50539,"date":"2020-04-21T23:10:24","date_gmt":"2020-04-22T04:10:24","guid":{"rendered":"https:\/\/bibliaherramientas.com\/libreria\/?post_type=product&#038;p=50539"},"modified":"2026-01-06T13:28:38","modified_gmt":"2026-01-06T19:28:38","slug":"libro-un-hombre-conforme-al-corazon-de-dios-por-jim-george-9780825412684","status":"publish","type":"product","link":"https:\/\/bibliaherramientas.com\/libreria\/producto\/libro-un-hombre-conforme-al-corazon-de-dios-por-jim-george-9780825412684\/","title":{"rendered":"Libro Un hombre conforme al coraz\u00f3n de Dios Por Jim George"},"content":{"rendered":"<p>Dios sabe lo que de verdad significa para usted experimentar la satisfacci\u00f3n que produce realizar la vida con una finalidad conocida. En el libro <em>Un hombre conforme al coraz\u00f3n de Dios, <\/em>Jim George comparte del designio perfecto de Dios sobre la manera como usted puede llegar a ser un hombre que marque una diferencia efectiva en todas las \u00e1reas claves de su vida, a saber:<\/p>\n<ul>\n<li>En su matrimonio: Qu\u00e9 significa amar, guiar y proteger a su esposa.<\/li>\n<li>En sus hijos: Los factores clave para educarlos y moldear sus corazones.<\/li>\n<li>En su trabajo: Mostrando integridad y dedicaci\u00f3n en el lugar de trabajo.<\/li>\n<li>En su iglesia: Descubriendo c\u00f3mo y d\u00f3nde Dios puede usarlo mejor.<\/li>\n<li>En su testimonio: Haciendo que el mundo descubra a Dios en su vida y obras.<\/li>\n<\/ul>\n<p>Obtenga la fuerza y sabidur\u00eda que resultan de buscar a Dios por medio de su realizaci\u00f3n como una persona conforme al coraz\u00f3n de Dios.<\/p>\n<p>&#8212;&#8212;&#8212;&#8212;&#8212;&#8212;&#8212;&#8212;&#8212;&#8212;&#8212;&#8212;&#8212;&#8212;<\/p>\n<p><img loading=\"lazy\" decoding=\"async\" class=\"alignleft wp-image-50420\" title=\"Jim George\" src=\"https:\/\/bibliaherramientas.com\/libreria\/wp-content\/uploads\/2020\/04\/jim-george.jpg\" alt=\"Jim George\" width=\"144\" height=\"144\" srcset=\"https:\/\/bibliaherramientas.com\/libreria\/wp-content\/uploads\/2020\/04\/jim-george.jpg 400w, https:\/\/bibliaherramientas.com\/libreria\/wp-content\/uploads\/2020\/04\/jim-george-247x247.jpg 247w, https:\/\/bibliaherramientas.com\/libreria\/wp-content\/uploads\/2020\/04\/jim-george-100x100.jpg 100w, https:\/\/bibliaherramientas.com\/libreria\/wp-content\/uploads\/2020\/04\/jim-george-280x280.jpg 280w\" sizes=\"auto, (max-width: 144px) 100vw, 144px\" \/><\/p>\n<p><strong>Jim George<\/strong> y su esposa <strong>Elizabeth<\/strong>, son conferencistas y autores cristianos. Jim es tambi\u00e9n autor de <em>Un hombre conforme al coraz\u00f3n de Dios<\/em> que ya est\u00e1 publicado por editorial Portavoz. El autor posee una maestr\u00eda en teolog\u00eda y otra en divinidades de la <a href=\"https:\/\/www.biola.edu\/talbot\" target=\"_blank\" rel=\"noopener noreferrer\">Escuela de teolog\u00eda <em>Talbot<\/em><\/a>. Por veinticinco a\u00f1os ha servido en varias responsabilidades ministeriales en la <a href=\"https:\/\/www.gracechurch.org\/\" target=\"_blank\" rel=\"noopener noreferrer\"><em>Grace Community Church<\/em><\/a> en Sun Valley California, y en la facultad de <a href=\"https:\/\/tms.edu\/es\/\" target=\"_blank\" rel=\"noopener noreferrer\"><em>The Master&#8217;s Seminary<\/em><\/a>. Jim y Elizabeth tienen dos hijas casadas y disfrutan de sus muchos nietos.<\/p>\n","protected":false},"excerpt":{"rendered":"<p>&#8220;Como llegar a ser un hombre que influya en otros de manera perdurable&#8221;<\/p>\n<p>\u00bfLe gustar\u00eda a usted disfrutar de una clase de vida que tenga un efecto noble y permanente en el mundo que lo rodea?<\/p>\n","protected":false},"featured_media":50540,"comment_status":"open","ping_status":"closed","template":"","meta":{"_acf_changed":false},"product_brand":[],"product_cat":[666,782,690,727,741,541],"product_tag":[931,798],"class_list":{"0":"post-50539","1":"product","2":"type-product","3":"status-publish","4":"has-post-thumbnail","6":"product_cat-crecimiento-espiritual","7":"product_cat-hombres","8":"product_cat-libros-jim-george","9":"product_cat-escritores-jim-george","10":"product_cat-editoriales-portavoz","11":"product_cat-vida-cristiana","12":"product_tag-hombres","13":"product_tag-vida-cristiana","15":"first","16":"outofstock","17":"purchasable","18":"product-type-simple"},"acf":[],"_links":{"self":[{"href":"https:\/\/bibliaherramientas.com\/libreria\/wp-json\/wp\/v2\/product\/50539","targetHints":{"allow":["GET"]}}],"collection":[{"href":"https:\/\/bibliaherramientas.com\/libreria\/wp-json\/wp\/v2\/product"}],"about":[{"href":"https:\/\/bibliaherramientas.com\/libreria\/wp-json\/wp\/v2\/types\/product"}],"replies":[{"embeddable":true,"href":"https:\/\/bibliaherramientas.com\/libreria\/wp-json\/wp\/v2\/comments?post=50539"}],"wp:featuredmedia":[{"embeddable":true,"href":"https:\/\/bibliaherramientas.com\/libreria\/wp-json\/wp\/v2\/media\/50540"}],"wp:attachment":[{"href":"https:\/\/bibliaherramientas.com\/libreria\/wp-json\/wp\/v2\/media?parent=50539"}],"wp:term":[{"taxonomy":"product_brand","embeddable":true,"href":"https:\/\/bibliaherramientas.com\/libreria\/wp-json\/wp\/v2\/product_brand?post=50539"},{"taxonomy":"product_cat","embeddable":true,"href":"https:\/\/bibliaherramientas.com\/libreria\/wp-json\/wp\/v2\/product_cat?post=50539"},{"taxonomy":"product_tag","embeddable":true,"href":"https:\/\/bibliaherramientas.com\/libreria\/wp-json\/wp\/v2\/product_tag?post=50539"}],"curies":[{"name":"wp","href":"https:\/\/api.w.org\/{rel}","templated":true}]}}