{"id":50535,"date":"2020-04-21T22:36:29","date_gmt":"2020-04-22T03:36:29","guid":{"rendered":"https:\/\/bibliaherramientas.com\/libreria\/?post_type=product&#038;p=50535"},"modified":"2026-01-06T13:28:34","modified_gmt":"2026-01-06T19:28:34","slug":"libro-un-esposo-conforme-al-corazon-de-dios-por-jim-george-9780825459399","status":"publish","type":"product","link":"https:\/\/bibliaherramientas.com\/libreria\/producto\/libro-un-esposo-conforme-al-corazon-de-dios-por-jim-george-9780825459399\/","title":{"rendered":"Libro Un esposo conforme al coraz\u00f3n de Dios por Jim George"},"content":{"rendered":"<p>INCLUYE PREGUNTAS DE ESTUDIO PARA INDIVIDUOS O GRUPOS<\/p>\n<p>En <em>Un esposo conforme al coraz\u00f3n de Dios, <\/em>el autor Jim George, le indica los peque\u00f1os toques que pueden proporcionarle grandes resultados. Est\u00e1n basados en claras y sencillas prioridades que Dios le da en la Biblia y le ser\u00e1n de ayuda para&#8230;<\/p>\n<ul>\n<li>Hacer de usted un mejor esposo.<\/li>\n<li>Hacer de usted y su esposa un verdadero equipo.<\/li>\n<li>Mejorar la comunicaci\u00f3n con su pareja.<\/li>\n<li>Ahondar en sus relaciones matrimoniales y familiares.<\/li>\n<li>Hacer m\u00e1s placentero el tiempo que pasan juntos.<\/li>\n<\/ul>\n<p>&#8220;Detalles que transforman&#8221;, la secci\u00f3n de aplicaci\u00f3n pr\u00e1ctica que se encuentra al final de cada cap\u00edtulo, le resultar\u00e1 especialmente valiosa. Le asombrar\u00e1 comprobar como unos peque\u00f1os pasos en la direcci\u00f3n correcta pueden proporcionarle una vida en pareja mucho m\u00e1s satisfactoria.<\/p>\n<p>Adquiera el libro &#8220;<em>Una esposa conforme al coraz\u00f3n de Dios&#8221; <\/em>de <a href=\"https:\/\/bibliaherramientas.com\/libreria\/categoria-producto\/por-escritores\/escritores-elizabeth-george\/\" target=\"_blank\" rel=\"noopener noreferrer\">Elizabeth George<\/a>, \u00a1as\u00ed podr\u00e1 crecer junto con su esposa en unidad!<\/p>\n<p>&#8212;&#8212;&#8212;&#8212;&#8212;&#8212;&#8212;&#8212;&#8212;&#8212;&#8212;&#8212;<\/p>\n<p><img loading=\"lazy\" decoding=\"async\" class=\"alignleft wp-image-50420\" title=\"Jim George\" src=\"https:\/\/bibliaherramientas.com\/libreria\/wp-content\/uploads\/2020\/04\/jim-george.jpg\" alt=\"Jim George\" width=\"144\" height=\"144\" srcset=\"https:\/\/bibliaherramientas.com\/libreria\/wp-content\/uploads\/2020\/04\/jim-george.jpg 400w, https:\/\/bibliaherramientas.com\/libreria\/wp-content\/uploads\/2020\/04\/jim-george-247x247.jpg 247w, https:\/\/bibliaherramientas.com\/libreria\/wp-content\/uploads\/2020\/04\/jim-george-100x100.jpg 100w, https:\/\/bibliaherramientas.com\/libreria\/wp-content\/uploads\/2020\/04\/jim-george-280x280.jpg 280w\" sizes=\"auto, (max-width: 144px) 100vw, 144px\" \/><\/p>\n<p><strong>Jim George<\/strong> y su esposa <strong>Elizabeth<\/strong>, son conferencistas y autores cristianos. Jim es tambi\u00e9n autor de <em>Un hombre conforme al coraz\u00f3n de Dios<\/em> que ya est\u00e1 publicado por editorial Portavoz. El autor posee una maestr\u00eda en teolog\u00eda y otra en divinidades de la <a href=\"https:\/\/www.biola.edu\/talbot\" target=\"_blank\" rel=\"noopener noreferrer\">Escuela de teolog\u00eda <em>Talbot<\/em><\/a>. Por veinticinco a\u00f1os ha servido en varias responsabilidades ministeriales en la <a href=\"https:\/\/www.gracechurch.org\/\" target=\"_blank\" rel=\"noopener noreferrer\"><em>Grace Community Church<\/em><\/a> en Sun Valley California, y en la facultad de <a href=\"https:\/\/tms.edu\/es\/\" target=\"_blank\" rel=\"noopener noreferrer\"><em>The Master&#8217;s Seminary<\/em><\/a>. Jim y Elizabeth tienen dos hijas casadas y disfrutan de sus muchos nietos.<\/p>\n","protected":false},"excerpt":{"rendered":"<p>&#8220;Doce aspectos importantes en tu matrimonio&#8221;<\/p>\n<p>\u00bfCu\u00e1nto cuesta conseguir un gran matrimonio?<\/p>\n<p>Todo esposo tiene a su alcance un matrimonio fabuloso; conseguirlo no es tan dif\u00edcil como usted piensa.<\/p>\n","protected":false},"featured_media":50537,"comment_status":"open","ping_status":"closed","template":"","meta":{"_acf_changed":false},"product_brand":[],"product_cat":[666,528,782,690,727,741,541],"product_tag":[932,931,929,798],"class_list":{"0":"post-50535","1":"product","2":"type-product","3":"status-publish","4":"has-post-thumbnail","6":"product_cat-crecimiento-espiritual","7":"product_cat-familia-matrimonio","8":"product_cat-hombres","9":"product_cat-libros-jim-george","10":"product_cat-escritores-jim-george","11":"product_cat-editoriales-portavoz","12":"product_cat-vida-cristiana","13":"product_tag-esposos","14":"product_tag-hombres","15":"product_tag-matrimonios","16":"product_tag-vida-cristiana","18":"first","19":"instock","20":"purchasable","21":"product-type-simple"},"acf":[],"_links":{"self":[{"href":"https:\/\/bibliaherramientas.com\/libreria\/wp-json\/wp\/v2\/product\/50535","targetHints":{"allow":["GET"]}}],"collection":[{"href":"https:\/\/bibliaherramientas.com\/libreria\/wp-json\/wp\/v2\/product"}],"about":[{"href":"https:\/\/bibliaherramientas.com\/libreria\/wp-json\/wp\/v2\/types\/product"}],"replies":[{"embeddable":true,"href":"https:\/\/bibliaherramientas.com\/libreria\/wp-json\/wp\/v2\/comments?post=50535"}],"wp:featuredmedia":[{"embeddable":true,"href":"https:\/\/bibliaherramientas.com\/libreria\/wp-json\/wp\/v2\/media\/50537"}],"wp:attachment":[{"href":"https:\/\/bibliaherramientas.com\/libreria\/wp-json\/wp\/v2\/media?parent=50535"}],"wp:term":[{"taxonomy":"product_brand","embeddable":true,"href":"https:\/\/bibliaherramientas.com\/libreria\/wp-json\/wp\/v2\/product_brand?post=50535"},{"taxonomy":"product_cat","embeddable":true,"href":"https:\/\/bibliaherramientas.com\/libreria\/wp-json\/wp\/v2\/product_cat?post=50535"},{"taxonomy":"product_tag","embeddable":true,"href":"https:\/\/bibliaherramientas.com\/libreria\/wp-json\/wp\/v2\/product_tag?post=50535"}],"curies":[{"name":"wp","href":"https:\/\/api.w.org\/{rel}","templated":true}]}}