{"id":40175,"date":"2019-11-08T10:11:01","date_gmt":"2019-11-08T16:11:01","guid":{"rendered":"https:\/\/bibliaherramientas.com\/libreria\/?post_type=product&#038;p=40175"},"modified":"2026-01-06T02:23:37","modified_gmt":"2026-01-06T08:23:37","slug":"libro-un-minuto-con-las-mujeres-de-la-biblia-por-elizabeth-george-9780825457579","status":"publish","type":"product","link":"https:\/\/bibliaherramientas.com\/libreria\/producto\/libro-un-minuto-con-las-mujeres-de-la-biblia-por-elizabeth-george-9780825457579\/","title":{"rendered":"Libro Un minuto con las Mujeres de la Biblia por Elizabeth George"},"content":{"rendered":"<ul>\n<li><strong>Eva<\/strong>, quien reflej\u00f3 al mundo la hermosa imagen de Dios.<\/li>\n<li><strong>Lea<\/strong>, quien, en su tristeza, fue recordada y bendecida por Dios.<\/li>\n<li><strong>D\u00e9bora<\/strong>, quien se convirti\u00f3 en una l\u00edder humilde y piadosa en la batalla.<\/li>\n<li><strong>Ester<\/strong>, quien dependi\u00f3 de Dios para recibir valor en momentos desesperados.<\/li>\n<li><strong>Mar\u00eda<\/strong>, la madre de Jes\u00fas, quien encontr\u00f3 paz en la confianza absoluta.<\/li>\n<\/ul>\n<p>A medida que vayas descubriendo c\u00f3mo Dios consol\u00f3, ayud\u00f3 y provey\u00f3 para las mujeres en la Biblia, ser\u00e1s m\u00e1s y m\u00e1s consciente de su extraordinario amor por ti.<\/p>\n<p>&#8212;&#8212;&#8212;&#8212;&#8212;&#8212;&#8212;&#8212;&#8212;&#8212;&#8212;&#8212;&#8211;<\/p>\n<p><img loading=\"lazy\" decoding=\"async\" class=\"alignleft wp-image-50413\" title=\"Elizabeth George\" src=\"https:\/\/bibliaherramientas.com\/libreria\/wp-content\/uploads\/2020\/04\/elizabeth-george.jpg\" alt=\"Elizabeth George\" width=\"144\" height=\"144\" srcset=\"https:\/\/bibliaherramientas.com\/libreria\/wp-content\/uploads\/2020\/04\/elizabeth-george.jpg 300w, https:\/\/bibliaherramientas.com\/libreria\/wp-content\/uploads\/2020\/04\/elizabeth-george-247x247.jpg 247w, https:\/\/bibliaherramientas.com\/libreria\/wp-content\/uploads\/2020\/04\/elizabeth-george-100x100.jpg 100w, https:\/\/bibliaherramientas.com\/libreria\/wp-content\/uploads\/2020\/04\/elizabeth-george-280x280.jpg 280w\" sizes=\"auto, (max-width: 144px) 100vw, 144px\" \/><\/p>\n<p><strong>Elizabeth George<\/strong> es maestra y autora de m\u00e1s de 60 libros, incluyendo <em>Gu\u00eda de una mujer para las buenas decisiones<\/em> y <em>Una esposa conforme al coraz\u00f3n de Dios<\/em>, y es la editora general de la <a href=\"https:\/\/bibliaherramientas.com\/libreria\/categoria-producto\/biblias\/biblias-por-comentarista\/biblias-elizabeth-george\/\" target=\"_blank\" rel=\"noopener noreferrer\"><em>Biblia de la mujer conforme al coraz\u00f3n de Dios<\/em><\/a>. Su pasi\u00f3n es ense\u00f1ar la Biblia para ver transformada la vida de las mujeres. Ella y su esposo Jim son padres y abuelos, y han servido en el ministerio por m\u00e1s de 30 a\u00f1os.<\/p>\n","protected":false},"excerpt":{"rendered":"<p><strong>Medita en el tierno amor de Dios por las mujeres como t\u00fa.<\/strong><\/p>\n<p>Comienza o termina tu d\u00eda con estos poderosos recordatorios de un minuto de la obra de Dios en las vidas de las mujeres en la Biblia. A medida que aprendas c\u00f3mo Dios ha consolado, ayudado y provisto a las mujeres en la Biblia, crecer\u00e1s cada vez m\u00e1s consciente de Su asombroso amor por ti.<\/p>\n","protected":false},"featured_media":40177,"comment_status":"open","ping_status":"closed","template":"","meta":{"_acf_changed":false},"product_brand":[],"product_cat":[514,517,656,710,537,741],"product_tag":[936,930,798],"class_list":{"0":"post-40175","1":"product","2":"type-product","3":"status-publish","4":"has-post-thumbnail","6":"product_cat-biografias","7":"product_cat-devocionales","8":"product_cat-libros-elizabeth-george","9":"product_cat-escritores-elizabeth-george","10":"product_cat-mujeres-libros","11":"product_cat-editoriales-portavoz","12":"product_tag-estudios-biblicos","13":"product_tag-mujeres","14":"product_tag-vida-cristiana","16":"first","17":"instock","18":"purchasable","19":"product-type-simple"},"acf":[],"_links":{"self":[{"href":"https:\/\/bibliaherramientas.com\/libreria\/wp-json\/wp\/v2\/product\/40175","targetHints":{"allow":["GET"]}}],"collection":[{"href":"https:\/\/bibliaherramientas.com\/libreria\/wp-json\/wp\/v2\/product"}],"about":[{"href":"https:\/\/bibliaherramientas.com\/libreria\/wp-json\/wp\/v2\/types\/product"}],"replies":[{"embeddable":true,"href":"https:\/\/bibliaherramientas.com\/libreria\/wp-json\/wp\/v2\/comments?post=40175"}],"wp:featuredmedia":[{"embeddable":true,"href":"https:\/\/bibliaherramientas.com\/libreria\/wp-json\/wp\/v2\/media\/40177"}],"wp:attachment":[{"href":"https:\/\/bibliaherramientas.com\/libreria\/wp-json\/wp\/v2\/media?parent=40175"}],"wp:term":[{"taxonomy":"product_brand","embeddable":true,"href":"https:\/\/bibliaherramientas.com\/libreria\/wp-json\/wp\/v2\/product_brand?post=40175"},{"taxonomy":"product_cat","embeddable":true,"href":"https:\/\/bibliaherramientas.com\/libreria\/wp-json\/wp\/v2\/product_cat?post=40175"},{"taxonomy":"product_tag","embeddable":true,"href":"https:\/\/bibliaherramientas.com\/libreria\/wp-json\/wp\/v2\/product_tag?post=40175"}],"curies":[{"name":"wp","href":"https:\/\/api.w.org\/{rel}","templated":true}]}}