{"id":40146,"date":"2019-11-08T07:22:00","date_gmt":"2019-11-08T13:22:00","guid":{"rendered":"https:\/\/bibliaherramientas.com\/libreria\/?post_type=product&#038;p=40146"},"modified":"2026-01-06T02:23:18","modified_gmt":"2026-01-06T08:23:18","slug":"libro-el-llamado-del-evangelio-y-la-conversion-verdadera-por-paul-washer-9781944586355","status":"publish","type":"product","link":"https:\/\/bibliaherramientas.com\/libreria\/producto\/libro-el-llamado-del-evangelio-y-la-conversion-verdadera-por-paul-washer-9781944586355\/","title":{"rendered":"Libro El llamado del evangelio y la conversi\u00f3n verdadera por Paul Washer"},"content":{"rendered":"<p>En <em>El llamado del evangelio &amp; la conversi\u00f3n verdadera<\/em>, Paul Washer confronta esa \u201cgracia barata\u201d al examinar el verdadero significado de la fe, el arrepentimiento y el recibir a Cristo. Tambi\u00e9n estudia los efectos de la gracia salvadora que Dios promete en el nuevo pacto: la creaci\u00f3n de nuevos corazones y de un nuevo pueblo.<\/p>\n<p>\u201cSer cristiano no solo consiste en \u201ctomar una decisi\u00f3n por Jes\u00fas\u201d o \u201cpasar p\u00e1gina\u201d; es un milagro de la gracia, en el cual un pecador es trasladado de muerte a vida por el poder de Dios. En El Llamado del Evangelio &amp; la Conversi\u00f3n Verdadera, de manera clara y brillante, Paul Washer nos ayuda a entender la verdad; abre las Escrituras y explica c\u00f3mo el poder del evangelio debe impactar nuestras vidas como cristianos. Este es un libro muy necesario, desafiante y pastoral\u201d.<br \/>\n<strong>&#8211; Greg Gilbert,<\/strong> pastor de Third Avenue Baptist Church y autor de <em>\u00bfQu\u00e9 es el evangelio?\u200b<\/em><\/p>\n<p>\u201cPor la gracia soberana de Dios, el ministerio de Paul Washer ha sido particularmente bendecido para instruir a esta generaci\u00f3n acerca del llamado del evangelio y la conversi\u00f3n verdadera. Recomiendo enormemente este simple pero profundo estudio sobre estos temas esenciales\u201d.<br \/>\n<strong>&#8211; Sam Waldron,<\/strong> decano acad\u00e9mico de MCTS y autor de <em>El Fin de los Tiempos<\/em><\/p>\n<p>\u201cSi Cristo va a ser algo en tu vida, debe ser toda tu vida. Ese es el mensaje del evangelio que tanto necesitamos recordar y reconocer en Am\u00e9rica Latina. No hay \u201cmedios-cristianos\u201d, ya que Cristo vino por un pueblo celoso de buenas obras, que da buen fruto, siempre unido a \u00c9l. Este libro es un regalo para ayudarnos como Iglesia de Cristo a no desviarnos de esta antigua senda hermosa y llena de gracia, y Paul Washer ha sido probado como un hombre fiel al llamado de Jes\u00fas. L\u00e9elo si quieres ser retado en tu caminar con Jes\u00fas, y vive sus verdades si quieres glorificar a Dios en tu diario vivir\u201d.<br \/>\n<strong>&#8211; <a href=\"https:\/\/bibliaherramientas.com\/libreria\/categoria-producto\/por-escritores\/escritores-jairo-namnun\/\" target=\"_blank\" rel=\"noopener noreferrer\">Jairo Namn\u00fan<\/a>,<\/strong> director ejecutivo de <a href=\"https:\/\/www.coalicionporelevangelio.org\/\" target=\"_blank\" rel=\"noopener noreferrer\">Coalici\u00f3n por el Evangelio<\/a>.<\/p>\n<p>&#8212;&#8212;&#8212;&#8212;&#8212;&#8212;&#8212;&#8212;&#8212;&#8212;-<\/p>\n<p><img loading=\"lazy\" decoding=\"async\" class=\"alignleft wp-image-50431\" title=\"Paul Washer\" src=\"https:\/\/bibliaherramientas.com\/libreria\/wp-content\/uploads\/2020\/04\/paul-washer.jpg\" alt=\"Paul Washer\" width=\"144\" height=\"144\" srcset=\"https:\/\/bibliaherramientas.com\/libreria\/wp-content\/uploads\/2020\/04\/paul-washer.jpg 400w, https:\/\/bibliaherramientas.com\/libreria\/wp-content\/uploads\/2020\/04\/paul-washer-247x247.jpg 247w, https:\/\/bibliaherramientas.com\/libreria\/wp-content\/uploads\/2020\/04\/paul-washer-100x100.jpg 100w, https:\/\/bibliaherramientas.com\/libreria\/wp-content\/uploads\/2020\/04\/paul-washer-280x280.jpg 280w\" sizes=\"auto, (max-width: 144px) 100vw, 144px\" \/><\/p>\n<p>Autor:<strong> Paul Washer<\/strong> sirvi\u00f3 como misionero y pastor en Per\u00fa por m\u00e1s de 10 a\u00f1os y fund\u00f3 la sociedad misionera <a href=\"https:\/\/heartcrymissionary.com\/\" target=\"_blank\" rel=\"noopener noreferrer\">HeartCry<\/a>. Es conocido por muchos gracias a sus predicaciones publicadas en Internet, particularmente por su \u201cMensaje impactante a los j\u00f3venes\u201d, que ha sido visto m\u00e1s de dos millones de veces. Actualmente sirve en la sociedad misionera <a href=\"https:\/\/heartcrymissionary.com\/\" target=\"_blank\" rel=\"noopener noreferrer\">HeartCry<\/a> ense\u00f1ando y predicando el evangelio.<\/p>\n","protected":false},"excerpt":{"rendered":"<p><strong>El ap\u00f3stol Pablo dio total prioridad al evangelio en su predicaci\u00f3n.<\/strong> Lo predic\u00f3 con claridad y hasta maldec\u00eda a cualquiera que tergiversara su verdad. Pero hoy vemos con tristeza que muchos, aun algunos que se consideran evang\u00e9licos, han reducido el mensaje del evangelio a una oraci\u00f3n que debe ser repetida y ense\u00f1an que la conversi\u00f3n es una decisi\u00f3n meramente humana.<\/p>\n","protected":false},"featured_media":40149,"comment_status":"open","ping_status":"closed","template":"","meta":{"_acf_changed":false},"product_brand":[],"product_cat":[526,725,652,745,541],"product_tag":[919],"class_list":{"0":"post-40146","1":"product","2":"type-product","3":"status-publish","4":"has-post-thumbnail","6":"product_cat-estudio-biblico","7":"product_cat-escritores-paul-washer","8":"product_cat-libros-paul-washer","9":"product_cat-editoriales-poiema","10":"product_cat-vida-cristiana","11":"product_tag-evangelismo","13":"first","14":"instock","15":"purchasable","16":"product-type-simple"},"acf":[],"_links":{"self":[{"href":"https:\/\/bibliaherramientas.com\/libreria\/wp-json\/wp\/v2\/product\/40146","targetHints":{"allow":["GET"]}}],"collection":[{"href":"https:\/\/bibliaherramientas.com\/libreria\/wp-json\/wp\/v2\/product"}],"about":[{"href":"https:\/\/bibliaherramientas.com\/libreria\/wp-json\/wp\/v2\/types\/product"}],"replies":[{"embeddable":true,"href":"https:\/\/bibliaherramientas.com\/libreria\/wp-json\/wp\/v2\/comments?post=40146"}],"wp:featuredmedia":[{"embeddable":true,"href":"https:\/\/bibliaherramientas.com\/libreria\/wp-json\/wp\/v2\/media\/40149"}],"wp:attachment":[{"href":"https:\/\/bibliaherramientas.com\/libreria\/wp-json\/wp\/v2\/media?parent=40146"}],"wp:term":[{"taxonomy":"product_brand","embeddable":true,"href":"https:\/\/bibliaherramientas.com\/libreria\/wp-json\/wp\/v2\/product_brand?post=40146"},{"taxonomy":"product_cat","embeddable":true,"href":"https:\/\/bibliaherramientas.com\/libreria\/wp-json\/wp\/v2\/product_cat?post=40146"},{"taxonomy":"product_tag","embeddable":true,"href":"https:\/\/bibliaherramientas.com\/libreria\/wp-json\/wp\/v2\/product_tag?post=40146"}],"curies":[{"name":"wp","href":"https:\/\/api.w.org\/{rel}","templated":true}]}}