{"id":40057,"date":"2019-11-07T08:28:05","date_gmt":"2019-11-07T08:28:05","guid":{"rendered":"https:\/\/bibliaherramientas.com\/libreria\/?post_type=product&#038;p=40057"},"modified":"2026-01-06T02:22:48","modified_gmt":"2026-01-06T08:22:48","slug":"libro-la-heroica-valentia-de-martin-lutero-por-steven-lawson-9781944586409","status":"publish","type":"product","link":"https:\/\/bibliaherramientas.com\/libreria\/producto\/libro-la-heroica-valentia-de-martin-lutero-por-steven-lawson-9781944586409\/","title":{"rendered":"Libro La heroica valent\u00eda de Mart\u00edn Lutero por Steven J. Lawson"},"content":{"rendered":"<p>Durante la Reforma protestante\u00a0del siglo diecis\u00e9is, la herramienta m\u00e1s efectiva de los reformadores fue el p\u00falpito; todos ellos fueron predicadores dotados. Esto fue especialmente cierto de Mart\u00edn Lutero, <strong>el hombre reconocido como el padre de la Reforma.<\/strong><\/p>\n<p>Lutero us\u00f3 todos los medios leg\u00edtimos para dar a conocer las verdades de la Escritura. Sus estrategias inclu\u00edan la escritura de libros, tratados, folletos y cartas, as\u00ed como bosquejos de clase, registros de debates p\u00fablicos y discusiones acaloradas en iglesias y en universidades. <strong>Pero su principal manera de inspirar la Reforma fue el p\u00falpito, donde proclam\u00f3 las verdades de la Palabra de Dios con gran audacia.<\/strong> En una \u00e9poca en la que la iglesia necesitaba con urgencia escuchar la verdad, el p\u00falpito de Lutero lleg\u00f3 a ser uno de los estrados m\u00e1s claros y potentes para la Palabra de Dios que este mundo jam\u00e1s ha atestiguado.<\/p>\n<p>En <em>La heroica valent\u00eda de Mart\u00edn Lutero<\/em>, el Dr. Steven J. Lawson nos presenta las convicciones y las pr\u00e1cticas que alimentaron la valent\u00eda de Lutero en el p\u00falpito, <strong>provey\u00e9ndonos un ejemplo para todos los predicadores en una \u00e9poca en donde la verdad parece estar en declive otra vez.<\/strong><\/p>\n<p><strong>Recomendaciones:<\/strong><\/p>\n<p>&#8220;En <em>La heroica valent\u00eda de Mart\u00edn Lutero<\/em> encontr\u00e9 a un Lutero del cual poco se habla: un Lutero que amaba una Escritura inerrante, que predicaba un glorioso evangelio, que se apasionaba por la gloria de Dios y por el pueblo de Dios, que estaba dispuesto a sufrir por la causa. Estoy convencido de que Steven Lawson ha logrado acercarse m\u00e1s que cualquier otra persona en\u00a0capturar\u00a0el coraz\u00f3n de la pasi\u00f3n y los anhelos de Lutero como un ministro del evangelio. Al leer\u00a0este libro encuentro valent\u00eda para mi coraz\u00f3n mientras llevo a cabo mi ministerio semanal. \u00a1L\u00e9elo t\u00fa tambi\u00e9n y encuentra valent\u00eda para el tuyo!&#8221;.<br \/>\n<strong>&#8211;\u00a0Dr. Sean Michael Lucas,<\/strong>\u00a0pastor principal de la Primera Iglesia Presbiteriana, Hattiesburg, Mississippi<\/p>\n<p>&#8220;Con los 500 a\u00f1os de la Reforma a la vuelta de la esquina, esta\u00a0publicaci\u00f3n de Steven Lawson no pudo haber llegado en mejor momento. En efecto, con una\u00a0iglesia moderna tan necesitada del tipo de predicaci\u00f3n que el Dr. Lawson retrata aqu\u00ed, el mensaje de este libro es quiz\u00e1 m\u00e1s vital hoy que en cualquier otra \u00e9poca desde los d\u00edas de Lutero. Ampliamente recomendado&#8221;.<br \/>\n<strong>&#8211; Dr. George Grant,<\/strong>\u00a0pastor de la Iglesia Presbiteriana East Parish<\/p>\n<p>&#8220;Aqu\u00ed tenemos un perfil de \u00a0Lutero el predicador en toda su apasionada valent\u00eda y punzante, tenaz fidelidad. Steven Lawson ha capturado el esp\u00edritu de este reformador volc\u00e1nico de una manera impresionante, y el resultado es profundamente emocionante. Este es uno de los libros a los que m\u00e1s le doy la bienvenida en nuestros tiempos\u00a0en donde\u00a0la iglesia se encuentra tan desesperadamente necesitada de una reforma. Pueda este libro ayudar a que una nueva generaci\u00f3n de Luteros se levante&#8221;.<br \/>\n<strong>-Dr. Michael Reeves,<\/strong> jefe de Teolog\u00eda en las Universidades de la Uni\u00f3n Cristiana en Inglaterra (Universities and Colleges Christian Fellowship)<\/p>\n<p>&#8212;&#8212;&#8212;&#8212;&#8212;&#8212;&#8212;&#8212;&#8212;&#8211;<\/p>\n<p><img loading=\"lazy\" decoding=\"async\" class=\"alignleft wp-image-50434\" title=\"Steven Lawson\" src=\"https:\/\/bibliaherramientas.com\/libreria\/wp-content\/uploads\/2020\/04\/steven-lawson.jpg\" alt=\"Steven Lawson\" width=\"144\" height=\"144\" srcset=\"https:\/\/bibliaherramientas.com\/libreria\/wp-content\/uploads\/2020\/04\/steven-lawson.jpg 400w, https:\/\/bibliaherramientas.com\/libreria\/wp-content\/uploads\/2020\/04\/steven-lawson-247x247.jpg 247w, https:\/\/bibliaherramientas.com\/libreria\/wp-content\/uploads\/2020\/04\/steven-lawson-100x100.jpg 100w, https:\/\/bibliaherramientas.com\/libreria\/wp-content\/uploads\/2020\/04\/steven-lawson-280x280.jpg 280w\" sizes=\"auto, (max-width: 144px) 100vw, 144px\" \/><\/p>\n<p>Autor: <strong>Steven J. Lawson<\/strong> es el fundador y presidente de <a href=\"http:\/\/www.onepassionministries.org\/\" target=\"_blank\" rel=\"noopener noreferrer\">One Passion Ministries<\/a>, un ministerio dise\u00f1ado para traer una nueva reforma a la iglesia. Es pastor principal de la iglesia Christ Fellowship en Alabama, director del programa doctoral en <a href=\"https:\/\/tms.edu\/\" target=\"_blank\" rel=\"noopener noreferrer\">The Master&#8217;s Seminary<\/a> y profesor en <a href=\"https:\/\/www.ligonier.org\/blog\/announcing-ligonier-academy\/\" target=\"_blank\" rel=\"noopener noreferrer\">Ligonier Academy<\/a>.<\/p>\n","protected":false},"excerpt":{"rendered":"<p><strong>Mart\u00edn Lutero<\/strong>\u00a0fue un reformador pionero, un te\u00f3logo preciso, un autor prol\u00edfico, un intenso apologeta, un maestro cautivante y mucho m\u00e1s. Pero sobre todo esto, Lutero fue un predicador, uno que declar\u00f3 las verdades de la Palabra de Dios desde el p\u00falpito con una heroica valent\u00eda.<\/p>\n","protected":false},"featured_media":40058,"comment_status":"open","ping_status":"closed","template":"","meta":{"_acf_changed":false},"product_brand":[],"product_cat":[514,745,719,654,541],"product_tag":[982],"class_list":{"0":"post-40057","1":"product","2":"type-product","3":"status-publish","4":"has-post-thumbnail","6":"product_cat-biografias","7":"product_cat-editoriales-poiema","8":"product_cat-escritores-steve-lawson","9":"product_cat-libros-steven-lawson","10":"product_cat-vida-cristiana","11":"product_tag-biografias","13":"first","14":"outofstock","15":"purchasable","16":"product-type-simple"},"acf":[],"_links":{"self":[{"href":"https:\/\/bibliaherramientas.com\/libreria\/wp-json\/wp\/v2\/product\/40057","targetHints":{"allow":["GET"]}}],"collection":[{"href":"https:\/\/bibliaherramientas.com\/libreria\/wp-json\/wp\/v2\/product"}],"about":[{"href":"https:\/\/bibliaherramientas.com\/libreria\/wp-json\/wp\/v2\/types\/product"}],"replies":[{"embeddable":true,"href":"https:\/\/bibliaherramientas.com\/libreria\/wp-json\/wp\/v2\/comments?post=40057"}],"wp:featuredmedia":[{"embeddable":true,"href":"https:\/\/bibliaherramientas.com\/libreria\/wp-json\/wp\/v2\/media\/40058"}],"wp:attachment":[{"href":"https:\/\/bibliaherramientas.com\/libreria\/wp-json\/wp\/v2\/media?parent=40057"}],"wp:term":[{"taxonomy":"product_brand","embeddable":true,"href":"https:\/\/bibliaherramientas.com\/libreria\/wp-json\/wp\/v2\/product_brand?post=40057"},{"taxonomy":"product_cat","embeddable":true,"href":"https:\/\/bibliaherramientas.com\/libreria\/wp-json\/wp\/v2\/product_cat?post=40057"},{"taxonomy":"product_tag","embeddable":true,"href":"https:\/\/bibliaherramientas.com\/libreria\/wp-json\/wp\/v2\/product_tag?post=40057"}],"curies":[{"name":"wp","href":"https:\/\/api.w.org\/{rel}","templated":true}]}}