{"id":39994,"date":"2019-11-06T13:32:05","date_gmt":"2019-11-06T19:32:05","guid":{"rendered":"https:\/\/bibliaherramientas.com\/libreria\/?post_type=product&#038;p=39994"},"modified":"2026-01-06T02:22:22","modified_gmt":"2026-01-06T08:22:22","slug":"libro-el-manual-biblico-macarthur-9780718041694","status":"publish","type":"product","link":"https:\/\/bibliaherramientas.com\/libreria\/producto\/libro-el-manual-biblico-macarthur-9780718041694\/","title":{"rendered":"Libro El manual b\u00edblico MacArthur"},"content":{"rendered":"<p>Esta herramienta de referencia \u00fanica y valiosa ofrece ense\u00f1anza b\u00edblica en un formato accesible y f\u00e1cil de entender. A medida que se familiarice con cada libro de la Biblia, su contexto hist\u00f3rico y su lugar en las Escrituras, estar\u00e1 mejor equipado para experimentar la poderosa verdad de la Palabra de Dios.<\/p>\n<p><em>En cada libro de la Biblia aprender\u00e1:<\/em><\/p>\n<ul>\n<li>El significado del nombre del libro de la Biblia.<\/li>\n<li>El autor y la fecha en la cual el libro fue escrito.<\/li>\n<li>Notas acerca del contexto hist\u00f3rico del libro.<\/li>\n<li>Personas destacadas en el libro.<\/li>\n<li>Temas hist\u00f3ricos y teol\u00f3gicos planteados a lo largo del libro.<\/li>\n<li>Su contribuci\u00f3n a la Biblia como un todo.<\/li>\n<li>Dimensiones significativas del car\u00e1cter de Dios ilustradas en el libro.<\/li>\n<li>Como puede encontrarse a Cristo en el libro.<\/li>\n<li>Las palabras m\u00e1s notables.<\/li>\n<\/ul>\n<p>Comprender el contexto del pasaje b\u00edblico puede ampliar, profundizar y enriquecer el entendimiento. John MacArthur le ayuda a ver que cada libro de la Biblia tiene un flujo de pensamiento razonable, l\u00f3gico e inspirado de principio a fin. Muchas de sus preguntas ser\u00e1n respondidas a\u00fan antes de que sepa qu\u00e9 preguntar.<\/p>\n<p>Cada an\u00e1lisis libro por libro tambi\u00e9n contiene estas importantes caracter\u00edsticas:<\/p>\n<ul>\n<li>Un bosquejo detallado &#8211; Como est\u00e1 estructurado del libro.<\/li>\n<li>Retos de interpretaci\u00f3n &#8211; Explicaci\u00f3n de temas o conceptos dif\u00edciles en el libro.<\/li>\n<li>Mientras tanto, en otras partes del mundo&#8230; &#8211; Contexto hist\u00f3rico global del libro.<\/li>\n<li>Respuestas a preguntas dif\u00edciles acerca del libro.<\/li>\n<li>Otros temas de estudio &#8211; Conocimientos profundos para reflexionar cuando est\u00e9 solo con su Biblia.<\/li>\n<\/ul>\n<p>El manual b\u00edblico MacArthur es un recurso extenso para aumenta su conocimiento y entendimiento de la Palabra de Dios y alienta su exploraci\u00f3n personal de la verdad transformadora de vida que contiene.<\/p>\n<p>Claves para comprender la Palabra de Dios<\/p>\n<p>&#8220;Estoy comprometido a ense\u00f1ar la Palabra de Dios sistem\u00e1ticamente de manera que toda la revelaci\u00f3n de Dios sea brindada a su pueblo, y la \u00fanica manera razonable de hacer eso es yendo a trav\u00e9s de ella un libro a la vez&#8221;. &#8211; John MacArthur.<\/p>\n<p>&#8212;&#8212;&#8212;&#8212;&#8212;&#8212;<\/p>\n<p><img loading=\"lazy\" decoding=\"async\" class=\"alignleft wp-image-50422\" title=\"John MacArthur\" src=\"https:\/\/bibliaherramientas.com\/libreria\/wp-content\/uploads\/2020\/04\/john-macarthur.jpg\" alt=\"John MacArthur\" width=\"144\" height=\"144\" srcset=\"https:\/\/bibliaherramientas.com\/libreria\/wp-content\/uploads\/2020\/04\/john-macarthur.jpg 400w, https:\/\/bibliaherramientas.com\/libreria\/wp-content\/uploads\/2020\/04\/john-macarthur-247x247.jpg 247w, https:\/\/bibliaherramientas.com\/libreria\/wp-content\/uploads\/2020\/04\/john-macarthur-100x100.jpg 100w, https:\/\/bibliaherramientas.com\/libreria\/wp-content\/uploads\/2020\/04\/john-macarthur-280x280.jpg 280w\" sizes=\"auto, (max-width: 144px) 100vw, 144px\" \/><\/p>\n<p><strong>John MacArthur<\/strong> es pastor y maestro de <a href=\"https:\/\/www.gracechurch.org\/\" target=\"_blank\" rel=\"noopener noreferrer\">Grace Community Church<\/a> en Sun Valley, California. Tambi\u00e9n es presidente de <a href=\"https:\/\/www.mcs.edu\/\" target=\"_blank\" rel=\"noopener noreferrer\">The Master&#8217;s College and Seminary<\/a> y se le escucha diariamente en \u00ab<a href=\"https:\/\/www.gracia.org\/\" target=\"_blank\" rel=\"noopener noreferrer\">Gracia a Vosotros<\/a>\u00bb, un programa distribuido a nivel internacional en diferentes formatos, para alcanzar a millones cada d\u00eda.<\/p>\n<p>Con m\u00e1s de dos d\u00e9cadas de ministerio, ha escrito y editado muchos libros incluyendo el ganador del premio Medall\u00f3n de Oro, <a href=\"https:\/\/bibliaherramientas.com\/libreria\/categoria-producto\/biblias\/biblias-por-comentarista\/biblias-john-macarthur\/\" target=\"_blank\" rel=\"noopener noreferrer\">La Biblia de estudio MacArthur<\/a>.<\/p>\n","protected":false},"excerpt":{"rendered":"<p><strong>Un estudio introductorio a la Palabra de Dios, libro por libro. &#8220;Desatando la verdad de Dios, un vers\u00edculo a la vez&#8221;<\/strong><\/p>\n<p>El manual b\u00edblico MacArthur es un estudio libro por libro de la Biblia, exhaustivo y confiable, complementando con cuadros, gr\u00e1ficos e ilustraciones del maestro expositor l\u00edder en la actualidad.<\/p>\n","protected":false},"featured_media":39996,"comment_status":"open","ping_status":"closed","template":"","meta":{"_acf_changed":false},"product_brand":[],"product_cat":[512,516,666,526,737,623,705,542],"product_tag":[936,984],"class_list":{"0":"post-39994","1":"product","2":"type-product","3":"status-publish","4":"has-post-thumbnail","6":"product_cat-ayuda-para-ministros","7":"product_cat-comentarios","8":"product_cat-crecimiento-espiritual","9":"product_cat-estudio-biblico","10":"product_cat-editoriales-grupo-nelson","11":"product_cat-libros-john-macarthur","12":"product_cat-escritores-john-macarthur","13":"product_cat-libros-pastores-maestros","14":"product_tag-estudios-biblicos","15":"product_tag-manuales-biblicos","17":"first","18":"instock","19":"purchasable","20":"product-type-simple"},"acf":[],"_links":{"self":[{"href":"https:\/\/bibliaherramientas.com\/libreria\/wp-json\/wp\/v2\/product\/39994","targetHints":{"allow":["GET"]}}],"collection":[{"href":"https:\/\/bibliaherramientas.com\/libreria\/wp-json\/wp\/v2\/product"}],"about":[{"href":"https:\/\/bibliaherramientas.com\/libreria\/wp-json\/wp\/v2\/types\/product"}],"replies":[{"embeddable":true,"href":"https:\/\/bibliaherramientas.com\/libreria\/wp-json\/wp\/v2\/comments?post=39994"}],"wp:featuredmedia":[{"embeddable":true,"href":"https:\/\/bibliaherramientas.com\/libreria\/wp-json\/wp\/v2\/media\/39996"}],"wp:attachment":[{"href":"https:\/\/bibliaherramientas.com\/libreria\/wp-json\/wp\/v2\/media?parent=39994"}],"wp:term":[{"taxonomy":"product_brand","embeddable":true,"href":"https:\/\/bibliaherramientas.com\/libreria\/wp-json\/wp\/v2\/product_brand?post=39994"},{"taxonomy":"product_cat","embeddable":true,"href":"https:\/\/bibliaherramientas.com\/libreria\/wp-json\/wp\/v2\/product_cat?post=39994"},{"taxonomy":"product_tag","embeddable":true,"href":"https:\/\/bibliaherramientas.com\/libreria\/wp-json\/wp\/v2\/product_tag?post=39994"}],"curies":[{"name":"wp","href":"https:\/\/api.w.org\/{rel}","templated":true}]}}