{"id":39969,"date":"2019-11-06T11:47:39","date_gmt":"2019-11-06T17:47:39","guid":{"rendered":"https:\/\/bibliaherramientas.com\/libreria\/?post_type=product&#038;p=39969"},"modified":"2026-01-06T02:21:28","modified_gmt":"2026-01-06T08:21:28","slug":"libro-de-tal-manera-amo-dios-por-john-macarthur-9780825458088","status":"publish","type":"product","link":"https:\/\/bibliaherramientas.com\/libreria\/producto\/libro-de-tal-manera-amo-dios-por-john-macarthur-9780825458088\/","title":{"rendered":"Libro De tal manera am\u00f3 Dios&#8230; por John MacArthur"},"content":{"rendered":"<p>En este libro, un brillante expositor de la Biblia nos lleva al coraz\u00f3n mismo de Dios respondiendo preguntas tales como:<\/p>\n<ul>\n<li>Si Dios es amor, \u00bfc\u00f3mo podr\u00eda enviar a alguien al infierno?<\/li>\n<li>Si Dios es amor, \u00bfpor qu\u00e9 requiri\u00f3 que su Hijo tuviera una muerte tan cruel en la cruz?<\/li>\n<li>\u00bfC\u00f3mo puede Dios ser amoroso y celoso?<\/li>\n<\/ul>\n<p>EL autor razona en contra de los dos puntos de vista opuestos respecto a Dios como un abuelo sentimental y bonach\u00f3n que no puede castigar la desobediencia, y Dios como un tirano enojado que gobierna por medio de amenazas. El Dr. MacArthur escribe: &#8220;Ambos extremos ofrecen una imagen distorsionada de Dios y confunden m\u00e1s el tema de entender el amor de Dios&#8221;. \u00c9l insiste en que lo que Dios ama se define realmente por lo que odia, y que tanto su amor como su ira pueden entenderse como dos asuntos separados.<\/p>\n<p>&#8212;&#8212;&#8212;&#8212;&#8212;&#8212;<\/p>\n<p><img loading=\"lazy\" decoding=\"async\" class=\"alignleft wp-image-50422\" title=\"John MacArthur\" src=\"https:\/\/bibliaherramientas.com\/libreria\/wp-content\/uploads\/2020\/04\/john-macarthur.jpg\" alt=\"John MacArthur\" width=\"144\" height=\"144\" srcset=\"https:\/\/bibliaherramientas.com\/libreria\/wp-content\/uploads\/2020\/04\/john-macarthur.jpg 400w, https:\/\/bibliaherramientas.com\/libreria\/wp-content\/uploads\/2020\/04\/john-macarthur-247x247.jpg 247w, https:\/\/bibliaherramientas.com\/libreria\/wp-content\/uploads\/2020\/04\/john-macarthur-100x100.jpg 100w, https:\/\/bibliaherramientas.com\/libreria\/wp-content\/uploads\/2020\/04\/john-macarthur-280x280.jpg 280w\" sizes=\"auto, (max-width: 144px) 100vw, 144px\" \/><\/p>\n<p><strong>John MacArthur<\/strong> es pastor y maestro de <a href=\"https:\/\/www.gracechurch.org\/\" target=\"_blank\" rel=\"noopener noreferrer\">Grace Community Church<\/a> en Sun Valley, California. Tambi\u00e9n es presidente de <a href=\"https:\/\/www.mcs.edu\/\" target=\"_blank\" rel=\"noopener noreferrer\">The Master&#8217;s College and Seminary<\/a> y se le escucha diariamente en \u00ab<a href=\"https:\/\/www.gracia.org\/\" target=\"_blank\" rel=\"noopener noreferrer\">Gracia a Vosotros<\/a>\u00bb, un programa distribuido a nivel internacional en diferentes formatos, para alcanzar a millones cada d\u00eda.<\/p>\n<p>Con m\u00e1s de dos d\u00e9cadas de ministerio, ha escrito y editado muchos libros incluyendo el ganador del premio Medall\u00f3n de Oro, <a href=\"https:\/\/bibliaherramientas.com\/libreria\/categoria-producto\/biblias\/biblias-por-comentarista\/biblias-john-macarthur\/\" target=\"_blank\" rel=\"noopener noreferrer\">La Biblia de estudio MacArthur<\/a>.<\/p>\n","protected":false},"excerpt":{"rendered":"<p><strong>\u00c9l har\u00e1 lo que sea para atraernos a \u00c9l<\/strong><\/p>\n<p>&#8220;Dios es amor&#8221; es la definici\u00f3n m\u00e1s b\u00e1sica de Dios en la Biblia, pero es tan profunda que a menudo se malinterpreta.<\/p>\n","protected":false},"featured_media":39970,"comment_status":"open","ping_status":"closed","template":"","meta":{"_acf_changed":false},"product_brand":[],"product_cat":[666,526,705,623,741],"product_tag":[936],"class_list":{"0":"post-39969","1":"product","2":"type-product","3":"status-publish","4":"has-post-thumbnail","6":"product_cat-crecimiento-espiritual","7":"product_cat-estudio-biblico","8":"product_cat-escritores-john-macarthur","9":"product_cat-libros-john-macarthur","10":"product_cat-editoriales-portavoz","11":"product_tag-estudios-biblicos","13":"first","14":"outofstock","15":"purchasable","16":"product-type-simple"},"acf":[],"_links":{"self":[{"href":"https:\/\/bibliaherramientas.com\/libreria\/wp-json\/wp\/v2\/product\/39969","targetHints":{"allow":["GET"]}}],"collection":[{"href":"https:\/\/bibliaherramientas.com\/libreria\/wp-json\/wp\/v2\/product"}],"about":[{"href":"https:\/\/bibliaherramientas.com\/libreria\/wp-json\/wp\/v2\/types\/product"}],"replies":[{"embeddable":true,"href":"https:\/\/bibliaherramientas.com\/libreria\/wp-json\/wp\/v2\/comments?post=39969"}],"wp:featuredmedia":[{"embeddable":true,"href":"https:\/\/bibliaherramientas.com\/libreria\/wp-json\/wp\/v2\/media\/39970"}],"wp:attachment":[{"href":"https:\/\/bibliaherramientas.com\/libreria\/wp-json\/wp\/v2\/media?parent=39969"}],"wp:term":[{"taxonomy":"product_brand","embeddable":true,"href":"https:\/\/bibliaherramientas.com\/libreria\/wp-json\/wp\/v2\/product_brand?post=39969"},{"taxonomy":"product_cat","embeddable":true,"href":"https:\/\/bibliaherramientas.com\/libreria\/wp-json\/wp\/v2\/product_cat?post=39969"},{"taxonomy":"product_tag","embeddable":true,"href":"https:\/\/bibliaherramientas.com\/libreria\/wp-json\/wp\/v2\/product_tag?post=39969"}],"curies":[{"name":"wp","href":"https:\/\/api.w.org\/{rel}","templated":true}]}}