{"id":39647,"date":"2019-11-03T19:21:10","date_gmt":"2019-11-04T01:21:10","guid":{"rendered":"https:\/\/bibliaherramientas.com\/libreria\/?post_type=product&#038;p=39647"},"modified":"2026-01-06T02:19:11","modified_gmt":"2026-01-06T08:19:11","slug":"libro-bajo-las-alas-de-dios-por-john-piper-9780825419454","status":"publish","type":"product","link":"https:\/\/bibliaherramientas.com\/libreria\/producto\/libro-bajo-las-alas-de-dios-por-john-piper-9780825419454\/","title":{"rendered":"Libro Bajo las alas de Dios por Jonh Piper"},"content":{"rendered":"<p><strong>Experimente la historia de Rut en una manera distinta<\/strong><\/p>\n<p>Los temas eternos como sexo, tensi\u00f3n racial y los desconcertantes y perfectos planes de Dios son hoy d\u00eda tan parte de nuestra experiencia humana como tambi\u00e9n lo fueron para Rut y Booz hace m\u00e1s de tres mil a\u00f1os. En Bajo las alas de Dios, el libro de Rut cobra vida en forma de una historia en que el Se\u00f1or utiliza las m\u00e1s arriesgadas y fr\u00e1giles circunstancias para lograr sus acertados y misericordiosos prop\u00f3sitos. El lector experimentar\u00e1 el libro de Rut en una manera distinta y recibir\u00e1 inspiraci\u00f3n a fin de que pueda tomar grandes riesgos para un Dios grandioso y soberano.<\/p>\n<p>&#8212;&#8212;&#8212;&#8212;&#8212;&#8212;&#8212;&#8212;&#8212;&#8212;&#8212;&#8211;<\/p>\n<p><strong><img loading=\"lazy\" decoding=\"async\" class=\"alignleft wp-image-50423\" title=\"John Piper\" src=\"https:\/\/bibliaherramientas.com\/libreria\/wp-content\/uploads\/2020\/04\/john-piper.jpg\" alt=\"John Piper\" width=\"144\" height=\"144\" srcset=\"https:\/\/bibliaherramientas.com\/libreria\/wp-content\/uploads\/2020\/04\/john-piper.jpg 400w, https:\/\/bibliaherramientas.com\/libreria\/wp-content\/uploads\/2020\/04\/john-piper-247x247.jpg 247w, https:\/\/bibliaherramientas.com\/libreria\/wp-content\/uploads\/2020\/04\/john-piper-100x100.jpg 100w, https:\/\/bibliaherramientas.com\/libreria\/wp-content\/uploads\/2020\/04\/john-piper-280x280.jpg 280w\" sizes=\"auto, (max-width: 144px) 100vw, 144px\" \/>John Piper<\/strong> ha sido el pastor predicador de la Iglesia Bautista Bel\u00e9n en Mini\u00e1polis, Minesota, desde el a\u00f1o 1980. Es autor de varios libros de \u00e9xito de venta, entre ellos <a href=\"https:\/\/bibliaherramientas.com\/libreria\/tienda\/editoriales\/editoriales-portavoz\/libro-dios-es-el-evangelio-9780825457128\/\" target=\"_blank\" rel=\"noopener noreferrer\">Dios es el Evangelio<\/a>, <a href=\"https:\/\/bibliaherramientas.com\/libreria\/tienda\/editoriales\/editoriales-portavoz\/libro-el-sufrimiento-y-la-soberania-de-dios-9780825415869\/\" target=\"_blank\" rel=\"noopener noreferrer\">El sufrimiento y la soberan\u00eda de Dios<\/a> y <a href=\"https:\/\/bibliaherramientas.com\/libreria\/tienda\/editoriales\/editoriales-portavoz\/libro-lo-que-jesus-exige-del-mundo-9780825415876\/\" target=\"_blank\" rel=\"noopener noreferrer\">Lo que Jes\u00fas exige del mundo<\/a>.<\/p>\n","protected":false},"excerpt":{"rendered":"<p><strong>Experimente la historia de Rut en una manera distinta<\/strong><\/p>\n<p>Los temas eternos como sexo, tensi\u00f3n racial y los desconcertantes y perfectos planes de Dios son hoy d\u00eda tan parte de nuestra experiencia humana como tambi\u00e9n lo fueron para Rut y Booz hace m\u00e1s de tres mil a\u00f1os. En Bajo las alas de Dios, el libro de Rut cobra vida en forma de una historia en que el Se\u00f1or utiliza las m\u00e1s arriesgadas y fr\u00e1giles circunstancias para lograr sus acertados y misericordiosos prop\u00f3sitos. El lector experimentar\u00e1 el libro de Rut en una manera distinta y recibir\u00e1 inspiraci\u00f3n a fin de que pueda tomar grandes riesgos para un Dios grandioso y soberano.<\/p>\n","protected":false},"featured_media":36829,"comment_status":"open","ping_status":"closed","template":"","meta":{"_acf_changed":false},"product_brand":[],"product_cat":[514,655,715,533,537,741,541],"product_tag":[936,798],"class_list":{"0":"post-39647","1":"product","2":"type-product","3":"status-publish","4":"has-post-thumbnail","6":"product_cat-biografias","7":"product_cat-libros-john-piper","8":"product_cat-escritores-john-piper","9":"product_cat-libros-general","10":"product_cat-mujeres-libros","11":"product_cat-editoriales-portavoz","12":"product_cat-vida-cristiana","13":"product_tag-estudios-biblicos","14":"product_tag-vida-cristiana","16":"first","17":"instock","18":"purchasable","19":"product-type-simple"},"acf":[],"_links":{"self":[{"href":"https:\/\/bibliaherramientas.com\/libreria\/wp-json\/wp\/v2\/product\/39647","targetHints":{"allow":["GET"]}}],"collection":[{"href":"https:\/\/bibliaherramientas.com\/libreria\/wp-json\/wp\/v2\/product"}],"about":[{"href":"https:\/\/bibliaherramientas.com\/libreria\/wp-json\/wp\/v2\/types\/product"}],"replies":[{"embeddable":true,"href":"https:\/\/bibliaherramientas.com\/libreria\/wp-json\/wp\/v2\/comments?post=39647"}],"wp:featuredmedia":[{"embeddable":true,"href":"https:\/\/bibliaherramientas.com\/libreria\/wp-json\/wp\/v2\/media\/36829"}],"wp:attachment":[{"href":"https:\/\/bibliaherramientas.com\/libreria\/wp-json\/wp\/v2\/media?parent=39647"}],"wp:term":[{"taxonomy":"product_brand","embeddable":true,"href":"https:\/\/bibliaherramientas.com\/libreria\/wp-json\/wp\/v2\/product_brand?post=39647"},{"taxonomy":"product_cat","embeddable":true,"href":"https:\/\/bibliaherramientas.com\/libreria\/wp-json\/wp\/v2\/product_cat?post=39647"},{"taxonomy":"product_tag","embeddable":true,"href":"https:\/\/bibliaherramientas.com\/libreria\/wp-json\/wp\/v2\/product_tag?post=39647"}],"curies":[{"name":"wp","href":"https:\/\/api.w.org\/{rel}","templated":true}]}}