{"id":34277,"date":"2019-08-18T21:45:25","date_gmt":"2019-08-19T02:45:25","guid":{"rendered":"https:\/\/bibliaherramientas.com\/libreria\/?post_type=product&#038;p=34277"},"modified":"2026-01-06T02:13:55","modified_gmt":"2026-01-06T08:13:55","slug":"libro-doce-mujeres-extraordinarias-john-macarthur-9780881139624","status":"publish","type":"product","link":"https:\/\/bibliaherramientas.com\/libreria\/producto\/libro-doce-mujeres-extraordinarias-john-macarthur-9780881139624\/","title":{"rendered":"Libro Doce mujeres extraordinarias por John MacArthur"},"content":{"rendered":"<p>Celebradas por su valor, visi\u00f3n, hospitalidad y dones espirituales, no es extra\u00f1o que fueran tan importantes para el plan de Dios revelado en el Antiguo y Nuevo Testamentos. Pero no fueron sus cualidades naturales las que hicieron a estas mujeres extraordinarias, sino el poder del \u00fanico Dios verdadero al que adoraron y sivieron. \u00a1Ser\u00e1 desafiada y motivada!<\/p>\n<p>Doce mujeres extraordinarias es un estudio perfecto para el crecimiento personal, as\u00ed como para el estudio en grupos peque\u00f1os. Usted, o sus compa\u00f1eras, se reconocer\u00e1n as\u00ed mismas en Mar\u00eda Magdalena, la joven mujer cuya vida Jes\u00fas cambi\u00f3 dram\u00e1ticamente; o Ana, la anciana viuda que identific\u00f3 al ni\u00f1o Jes\u00fas como el Mes\u00edas. Aprender\u00e1 a amar al Salvador que obr\u00f3 por medio de estas personas insignificantes para llevar a cabo Su milagroso plan.<\/p>\n<p>&#8212;&#8212;&#8212;&#8212;&#8212;&#8212;<\/p>\n<p><img loading=\"lazy\" decoding=\"async\" class=\"alignleft wp-image-50422\" title=\"John MacArthur\" src=\"https:\/\/bibliaherramientas.com\/libreria\/wp-content\/uploads\/2020\/04\/john-macarthur.jpg\" alt=\"John MacArthur\" width=\"144\" height=\"144\" srcset=\"https:\/\/bibliaherramientas.com\/libreria\/wp-content\/uploads\/2020\/04\/john-macarthur.jpg 400w, https:\/\/bibliaherramientas.com\/libreria\/wp-content\/uploads\/2020\/04\/john-macarthur-247x247.jpg 247w, https:\/\/bibliaherramientas.com\/libreria\/wp-content\/uploads\/2020\/04\/john-macarthur-100x100.jpg 100w, https:\/\/bibliaherramientas.com\/libreria\/wp-content\/uploads\/2020\/04\/john-macarthur-280x280.jpg 280w\" sizes=\"auto, (max-width: 144px) 100vw, 144px\" \/><\/p>\n<p><strong>John MacArthur<\/strong> es pastor y maestro de <a href=\"https:\/\/www.gracechurch.org\/\" target=\"_blank\" rel=\"noopener noreferrer\">Grace Community Church<\/a> en Sun Valley, California. Tambi\u00e9n es presidente de <a href=\"https:\/\/www.mcs.edu\/\" target=\"_blank\" rel=\"noopener noreferrer\">The Master&#8217;s College and Seminary<\/a> y se le escucha diariamente en \u00ab<a href=\"https:\/\/www.gracia.org\/\" target=\"_blank\" rel=\"noopener noreferrer\">Gracia a Vosotros<\/a>\u00bb, un programa distribuido a nivel internacional en diferentes formatos, para alcanzar a millones cada d\u00eda.<\/p>\n<p>Con m\u00e1s de dos d\u00e9cadas de ministerio, ha escrito y editado muchos libros incluyendo el ganador del premio Medall\u00f3n de Oro, <a href=\"https:\/\/bibliaherramientas.com\/libreria\/categoria-producto\/biblias\/biblias-por-comentarista\/biblias-john-macarthur\/\" target=\"_blank\" rel=\"noopener noreferrer\">La Biblia de estudio MacArthur<\/a>.<\/p>\n<p>&nbsp;<\/p>\n","protected":false},"excerpt":{"rendered":"<p>En Doce mujeres extraordinarias, encontrar\u00e1 lecciones espirituales extra\u00eddas directamente de las pruebas y triunfos de las antepasadas de Jes\u00fas y de sus primeras seguidoras. Muchas de estas mujeres fueron comunes y corrientes, en algunos casos, de muy modesta o cuestionable extracci\u00f3n social. Sin embargo, llegaron a ser extraordinarias por los cambios operados en sus vidas luego del encuentro con Dios.<\/p>\n","protected":false},"featured_media":36684,"comment_status":"open","ping_status":"closed","template":"","meta":{"_acf_changed":false},"product_brand":[],"product_cat":[519,523,526,737,623,705],"product_tag":[936,930,798],"class_list":{"0":"post-34277","1":"product","2":"type-product","3":"status-publish","4":"has-post-thumbnail","6":"product_cat-discipulado","7":"product_cat-ensenanza","8":"product_cat-estudio-biblico","9":"product_cat-editoriales-grupo-nelson","10":"product_cat-libros-john-macarthur","11":"product_cat-escritores-john-macarthur","12":"product_tag-estudios-biblicos","13":"product_tag-mujeres","14":"product_tag-vida-cristiana","16":"first","17":"instock","18":"purchasable","19":"product-type-simple"},"acf":[],"_links":{"self":[{"href":"https:\/\/bibliaherramientas.com\/libreria\/wp-json\/wp\/v2\/product\/34277","targetHints":{"allow":["GET"]}}],"collection":[{"href":"https:\/\/bibliaherramientas.com\/libreria\/wp-json\/wp\/v2\/product"}],"about":[{"href":"https:\/\/bibliaherramientas.com\/libreria\/wp-json\/wp\/v2\/types\/product"}],"replies":[{"embeddable":true,"href":"https:\/\/bibliaherramientas.com\/libreria\/wp-json\/wp\/v2\/comments?post=34277"}],"wp:featuredmedia":[{"embeddable":true,"href":"https:\/\/bibliaherramientas.com\/libreria\/wp-json\/wp\/v2\/media\/36684"}],"wp:attachment":[{"href":"https:\/\/bibliaherramientas.com\/libreria\/wp-json\/wp\/v2\/media?parent=34277"}],"wp:term":[{"taxonomy":"product_brand","embeddable":true,"href":"https:\/\/bibliaherramientas.com\/libreria\/wp-json\/wp\/v2\/product_brand?post=34277"},{"taxonomy":"product_cat","embeddable":true,"href":"https:\/\/bibliaherramientas.com\/libreria\/wp-json\/wp\/v2\/product_cat?post=34277"},{"taxonomy":"product_tag","embeddable":true,"href":"https:\/\/bibliaherramientas.com\/libreria\/wp-json\/wp\/v2\/product_tag?post=34277"}],"curies":[{"name":"wp","href":"https:\/\/api.w.org\/{rel}","templated":true}]}}